Last updated on 2025-04-30 07:55:05 CEST.
Flavor | Version | Tinstall | Tcheck | Ttotal | Status | Flags |
---|---|---|---|---|---|---|
r-devel-linux-x86_64-debian-clang | 0.3 | 7.07 | 63.35 | 70.42 | NOTE | |
r-devel-linux-x86_64-debian-gcc | 0.3 | 4.55 | 46.87 | 51.42 | OK | |
r-devel-linux-x86_64-fedora-clang | 0.3 | 117.74 | OK | |||
r-devel-linux-x86_64-fedora-gcc | 0.3 | 120.74 | OK | |||
r-devel-windows-x86_64 | 0.3 | 9.00 | 88.00 | 97.00 | OK | |
r-patched-linux-x86_64 | 0.3 | 6.77 | 62.58 | 69.35 | OK | |
r-release-linux-x86_64 | 0.3 | 6.45 | 60.81 | 67.26 | OK | |
r-release-macos-arm64 | 0.3 | 45.00 | OK | |||
r-release-macos-x86_64 | 0.3 | 82.00 | OK | |||
r-release-windows-x86_64 | 0.3 | 10.00 | 90.00 | 100.00 | OK | |
r-oldrel-macos-arm64 | 0.3 | 43.00 | OK | |||
r-oldrel-macos-x86_64 | 0.3 | 82.00 | OK | |||
r-oldrel-windows-x86_64 | 0.3 | 11.00 | 103.00 | 114.00 | OK |
Version: 0.3
Check: examples
Result: NOTE
Examples with CPU (user + system) or elapsed time > 5s
user system elapsed
telescope_match 5.344 0.175 7.413
Flavor: r-devel-linux-x86_64-debian-clang