Last updated on 2025-02-04 16:49:09 CET.
Flavor | Version | Tinstall | Tcheck | Ttotal | Status | Flags |
---|---|---|---|---|---|---|
r-devel-linux-x86_64-debian-clang | 0.7-1 | 5.55 | 53.87 | 59.42 | NOTE | |
r-devel-linux-x86_64-debian-gcc | 0.7-1 | 4.89 | 40.27 | 45.16 | NOTE | |
r-devel-linux-x86_64-fedora-clang | 0.7-1 | 97.97 | OK | |||
r-devel-linux-x86_64-fedora-gcc | 0.7-1 | 104.56 | OK | |||
r-devel-windows-x86_64 | 0.7-1 | 12.00 | 76.00 | 88.00 | NOTE | |
r-patched-linux-x86_64 | 0.7-1 | 8.60 | 50.67 | 59.27 | OK | |
r-release-linux-x86_64 | 0.7-1 | 5.73 | 50.72 | 56.45 | OK | |
r-release-macos-arm64 | 0.7-1 | 36.00 | OK | |||
r-release-macos-x86_64 | 0.7-1 | 53.00 | OK | |||
r-release-windows-x86_64 | 0.7-1 | 12.00 | 77.00 | 89.00 | OK | |
r-oldrel-macos-arm64 | 0.7-1 | 37.00 | OK | |||
r-oldrel-macos-x86_64 | 0.7-1 | 55.00 | OK | |||
r-oldrel-windows-x86_64 | 0.7-1 | 13.00 | 79.00 | 92.00 | OK |
Version: 0.7-1
Check: Rd cross-references
Result: NOTE
Found the following Rd file(s) with Rd \link{} targets missing package
anchors:
DirichletRegModel.Rd: update.Formula
Please provide package anchors for all Rd \link{} targets not in the
package itself and the base packages.
Flavors: r-devel-linux-x86_64-debian-clang, r-devel-linux-x86_64-debian-gcc, r-devel-windows-x86_64