CRAN Package Check Results for Package DistPlotter

Last updated on 2025-04-29 15:50:10 CEST.

Flavor Version Tinstall Tcheck Ttotal Status Flags
r-devel-linux-x86_64-debian-clang 0.0.2 7.67 54.74 62.41 NOTE
r-devel-linux-x86_64-debian-gcc 0.0.2 6.10 38.04 44.14 NOTE
r-devel-linux-x86_64-fedora-clang 0.0.2 91.34 OK
r-devel-linux-x86_64-fedora-gcc 0.0.2 79.19 OK
r-devel-windows-x86_64 0.0.2 9.00 66.00 75.00 OK
r-patched-linux-x86_64 0.0.2 6.10 50.16 56.26 OK
r-release-linux-x86_64 0.0.2 5.97 49.10 55.07 OK
r-release-macos-arm64 0.0.2 34.00 OK
r-release-macos-x86_64 0.0.2 50.00 OK
r-release-windows-x86_64 0.0.2 8.00 74.00 82.00 OK
r-oldrel-macos-arm64 0.0.2 28.00 OK
r-oldrel-macos-x86_64 0.0.2 41.00 OK
r-oldrel-windows-x86_64 0.0.2 10.00 80.00 90.00 OK

Check Details

Version: 0.0.2
Check: CRAN incoming feasibility
Result: NOTE Maintainer: ‘Christopher Casement <casementc@gmail.com>’ Package CITATION file contains call(s) to old-style personList() or as.personList(). Please use c() on person objects instead. Package CITATION file contains call(s) to old-style citEntry(). Please use bibentry() instead. Flavors: r-devel-linux-x86_64-debian-clang, r-devel-linux-x86_64-debian-gcc