Last updated on 2025-02-05 06:50:11 CET.
Flavor | Version | Tinstall | Tcheck | Ttotal | Status | Flags |
---|---|---|---|---|---|---|
r-devel-linux-x86_64-debian-clang | 1.0.3 | 8.06 | 70.00 | 78.06 | NOTE | |
r-devel-linux-x86_64-debian-gcc | 1.0.3 | 6.16 | 51.26 | 57.42 | NOTE | |
r-devel-linux-x86_64-fedora-clang | 1.0.3 | 131.71 | NOTE | |||
r-devel-linux-x86_64-fedora-gcc | 1.0.3 | 117.08 | NOTE | |||
r-devel-windows-x86_64 | 1.0.3 | 10.00 | 82.00 | 92.00 | NOTE | |
r-patched-linux-x86_64 | 1.0.3 | 12.35 | 65.43 | 77.78 | NOTE | |
r-release-linux-x86_64 | 1.0.3 | 7.41 | 66.31 | 73.72 | NOTE | |
r-release-macos-arm64 | 1.0.3 | 39.00 | OK | |||
r-release-macos-x86_64 | 1.0.3 | 56.00 | OK | |||
r-release-windows-x86_64 | 1.0.3 | 9.00 | 79.00 | 88.00 | OK | |
r-oldrel-macos-arm64 | 1.0.3 | 43.00 | OK | |||
r-oldrel-macos-x86_64 | 1.0.3 | 74.00 | OK | |||
r-oldrel-windows-x86_64 | 1.0.3 | 11.00 | 97.00 | 108.00 | OK |
Version: 1.0.3
Check: Rd cross-references
Result: NOTE
Found the following Rd file(s) with Rd \link{} targets missing package
anchors:
efs_eval.Rd: roc.test
ensemble_fs.Rd: randomForest, cforest
Please provide package anchors for all Rd \link{} targets not in the
package itself and the base packages.
Flavors: r-devel-linux-x86_64-debian-clang, r-devel-linux-x86_64-debian-gcc, r-devel-windows-x86_64
Version: 1.0.3
Check: for non-standard things in the check directory
Result: NOTE
Found the following files/directories:
‘eval_test_LG_ROC.pdf’ ‘test.pdf’
Flavors: r-devel-linux-x86_64-debian-clang, r-devel-linux-x86_64-debian-gcc, r-devel-linux-x86_64-fedora-clang, r-devel-linux-x86_64-fedora-gcc, r-patched-linux-x86_64, r-release-linux-x86_64