CRAN Package Check Results for Package ELISAtools

Last updated on 2023-06-07 21:01:18 CEST.

Flavor Version Tinstall Tcheck Ttotal Status Flags
r-devel-linux-x86_64-debian-clang 0.1.5 4.27 49.48 53.75 NOTE
r-devel-linux-x86_64-debian-gcc 0.1.5 3.36 38.59 41.95 NOTE
r-devel-linux-x86_64-fedora-clang 0.1.5 67.65 NOTE
r-devel-linux-x86_64-fedora-gcc 0.1.5 76.35 NOTE
r-devel-windows-x86_64 0.1.5 8.00 81.00 89.00 NOTE
r-patched-linux-x86_64 0.1.5 5.77 47.48 53.25 NOTE
r-release-linux-x86_64 0.1.5 3.77 48.12 51.89 NOTE
r-release-macos-arm64 0.1.5 33.00 NOTE
r-release-macos-x86_64 0.1.5 41.00 NOTE
r-release-windows-x86_64 0.1.5 7.00 70.00 77.00 NOTE
r-oldrel-macos-arm64 0.1.5 31.00 NOTE
r-oldrel-macos-x86_64 0.1.5 36.00 NOTE
r-oldrel-windows-x86_64 0.1.5 7.00 70.00 77.00 NOTE

Check Details

Version: 0.1.5
Check: LazyData
Result: NOTE
     'LazyData' is specified without a 'data' directory
Flavors: r-devel-linux-x86_64-debian-clang, r-devel-linux-x86_64-debian-gcc, r-devel-linux-x86_64-fedora-clang, r-devel-linux-x86_64-fedora-gcc, r-devel-windows-x86_64, r-patched-linux-x86_64, r-release-linux-x86_64, r-release-macos-arm64, r-release-macos-x86_64, r-release-windows-x86_64, r-oldrel-macos-arm64, r-oldrel-macos-x86_64, r-oldrel-windows-x86_64