Last updated on 2024-07-27 16:49:06 CEST.
Flavor | Version | Tinstall | Tcheck | Ttotal | Status | Flags |
---|---|---|---|---|---|---|
r-devel-linux-x86_64-debian-clang | 1.1.1 | 14.05 | 114.26 | 128.31 | OK | |
r-devel-linux-x86_64-debian-gcc | 1.1.1 | NOTE | ||||
r-devel-linux-x86_64-fedora-clang | 1.1.1 | 158.38 | OK | |||
r-devel-linux-x86_64-fedora-gcc | 1.1.1 | 163.32 | OK | |||
r-devel-windows-x86_64 | 1.1.1 | 13.00 | 95.00 | 108.00 | NOTE | |
r-patched-linux-x86_64 | 1.1.1 | OK | ||||
r-release-linux-x86_64 | 1.1.1 | 12.32 | 110.81 | 123.13 | OK | |
r-release-macos-arm64 | 1.1.1 | 48.00 | OK | |||
r-release-macos-x86_64 | 1.1.1 | 71.00 | OK | |||
r-release-windows-x86_64 | 1.1.1 | 12.00 | 95.00 | 107.00 | OK | |
r-oldrel-macos-arm64 | 1.1.1 | 49.00 | OK | |||
r-oldrel-macos-x86_64 | 1.1.1 | 82.00 | OK | |||
r-oldrel-windows-x86_64 | 1.1.1 | 17.00 | 123.00 | 140.00 | OK |
Version: 1.1.1
Check: Rd cross-references
Result: NOTE
Found the following Rd file(s) with Rd \link{} targets missing package
anchors:
elastic.Rd: glmnet
Please provide package anchors for all Rd \link{} targets not in the
package itself and the base packages.
Flavors: r-devel-linux-x86_64-debian-gcc, r-devel-windows-x86_64