Last updated on 2025-04-29 10:50:32 CEST.
Flavor | Version | Tinstall | Tcheck | Ttotal | Status | Flags |
---|---|---|---|---|---|---|
r-devel-linux-x86_64-debian-clang | 1.1.2 | 1662.34 | 254.49 | 1916.83 | OK | |
r-devel-linux-x86_64-debian-gcc | 1.1.2 | 1391.35 | 277.68 | 1669.03 | OK | |
r-devel-linux-x86_64-fedora-clang | 1.1.2 | 2676.71 | NOTE | |||
r-devel-linux-x86_64-fedora-gcc | 1.1.2 | 4040.46 | NOTE | |||
r-devel-windows-x86_64 | 1.1.2 | 1635.00 | 392.00 | 2027.00 | OK | |
r-patched-linux-x86_64 | 1.1.2 | 1881.47 | 373.63 | 2255.10 | OK | |
r-release-linux-x86_64 | 1.1.2 | 1871.59 | 369.77 | 2241.36 | OK | |
r-release-macos-arm64 | 1.1.2 | 732.00 | OK | |||
r-release-macos-x86_64 | 1.1.2 | 475.00 | OK | |||
r-release-windows-x86_64 | 1.1.2 | 1623.00 | 399.00 | 2022.00 | OK | |
r-oldrel-macos-arm64 | 1.1.2 | 492.00 | NOTE | |||
r-oldrel-macos-x86_64 | 1.1.2 | 569.00 | NOTE | |||
r-oldrel-windows-x86_64 | 1.1.2 | 1847.00 | 534.00 | 2381.00 | NOTE |
Version: 1.1.2
Check: dependencies in R code
Result: NOTE
Namespaces in Imports field not imported from:
‘RcppParallel’ ‘rstantools’
All declared Imports should be used.
Flavors: r-devel-linux-x86_64-fedora-clang, r-devel-linux-x86_64-fedora-gcc
Version: 1.1.2
Check: installed package size
Result: NOTE
installed size is 224.4Mb
sub-directories of 1Mb or more:
doc 3.5Mb
libs 219.9Mb
Flavors: r-oldrel-macos-arm64, r-oldrel-macos-x86_64, r-oldrel-windows-x86_64
Version: 1.1.2
Check: for GNU extensions in Makefiles
Result: NOTE
GNU make is a SystemRequirements.
Flavors: r-oldrel-macos-arm64, r-oldrel-macos-x86_64