Last updated on 2025-02-05 10:48:21 CET.
Flavor | Version | Tinstall | Tcheck | Ttotal | Status | Flags |
---|---|---|---|---|---|---|
r-devel-linux-x86_64-debian-clang | 1.9-1 | 6.43 | 49.80 | 56.23 | OK | |
r-devel-linux-x86_64-debian-gcc | 1.9-1 | 5.04 | 34.19 | 39.23 | OK | |
r-devel-linux-x86_64-fedora-clang | 1.9-1 | 90.22 | OK | |||
r-devel-linux-x86_64-fedora-gcc | 1.9-1 | 84.77 | OK | |||
r-devel-windows-x86_64 | 1.9-1 | 8.00 | 67.00 | 75.00 | OK | |
r-patched-linux-x86_64 | 1.9-1 | 7.18 | 45.29 | 52.47 | OK | |
r-release-linux-x86_64 | 1.9-1 | 7.07 | 46.04 | 53.11 | OK | |
r-release-macos-arm64 | 1.9-1 | 27.00 | OK | |||
r-release-macos-x86_64 | 1.9-1 | 41.00 | OK | |||
r-release-windows-x86_64 | 1.9-1 | 7.00 | 67.00 | 74.00 | OK | |
r-oldrel-macos-arm64 | 1.9-1 | 28.00 | OK | |||
r-oldrel-macos-x86_64 | 1.9-1 | 51.00 | NOTE | |||
r-oldrel-windows-x86_64 | 1.9-1 | 7.00 | 74.00 | 81.00 | OK |
Version: 1.9-1
Check: Rd cross-references
Result: NOTE
Package unavailable to check Rd xrefs: ‘faraway’
Flavor: r-oldrel-macos-x86_64