Last updated on 2025-04-30 18:51:29 CEST.
Flavor | Version | Tinstall | Tcheck | Ttotal | Status | Flags |
---|---|---|---|---|---|---|
r-devel-linux-x86_64-debian-clang | 1.0 | 25.52 | 133.58 | 159.10 | NOTE | |
r-devel-linux-x86_64-debian-gcc | 1.0 | 14.41 | 86.80 | 101.21 | OK | |
r-devel-linux-x86_64-fedora-clang | 1.0 | 241.23 | NOTE | |||
r-devel-linux-x86_64-fedora-gcc | 1.0 | 219.25 | NOTE | |||
r-devel-windows-x86_64 | 1.0 | 22.00 | 123.00 | 145.00 | OK | |
r-patched-linux-x86_64 | 1.0 | 23.21 | 121.40 | 144.61 | OK | |
r-release-linux-x86_64 | 1.0 | 19.61 | 121.62 | 141.23 | OK | |
r-release-macos-arm64 | 1.0 | 61.00 | OK | |||
r-release-macos-x86_64 | 1.0 | 127.00 | OK | |||
r-release-windows-x86_64 | 1.0 | 21.00 | 126.00 | 147.00 | OK | |
r-oldrel-macos-arm64 | 1.0 | 61.00 | OK | |||
r-oldrel-macos-x86_64 | 1.0 | 98.00 | OK | |||
r-oldrel-windows-x86_64 | 1.0 | 29.00 | 173.00 | 202.00 | OK |
Version: 1.0
Check: examples
Result: NOTE
Examples with CPU (user + system) or elapsed time > 5s
user system elapsed
predictEnrollment 3.49 0.433 5.489
Flavor: r-devel-linux-x86_64-debian-clang
Version: 1.0
Check: dependencies in R code
Result: NOTE
Namespaces in Imports field not imported from:
‘KMsurv’ ‘MLEcens’ ‘lubridate’ ‘msm’ ‘perm’
All declared Imports should be used.
Flavors: r-devel-linux-x86_64-fedora-clang, r-devel-linux-x86_64-fedora-gcc