Last updated on 2024-08-31 22:49:38 CEST.
Flavor | Version | Tinstall | Tcheck | Ttotal | Status | Flags |
---|---|---|---|---|---|---|
r-devel-linux-x86_64-debian-clang | 0.2.0 | 2.29 | 44.85 | 47.14 | NOTE | |
r-devel-linux-x86_64-debian-gcc | 0.2.0 | 1.58 | 33.89 | 35.47 | NOTE | |
r-devel-linux-x86_64-fedora-clang | 0.2.0 | 76.78 | NOTE | |||
r-devel-linux-x86_64-fedora-gcc | 0.2.0 | 84.96 | NOTE | |||
r-devel-windows-x86_64 | 0.2.0 | 4.00 | 74.00 | 78.00 | NOTE | |
r-patched-linux-x86_64 | 0.2.0 | 2.06 | 43.34 | 45.40 | NOTE | |
r-release-linux-x86_64 | 0.2.0 | 1.91 | 43.05 | 44.96 | NOTE | |
r-release-macos-arm64 | 0.2.0 | 31.00 | NOTE | |||
r-release-macos-x86_64 | 0.2.0 | 52.00 | NOTE | |||
r-release-windows-x86_64 | 0.2.0 | 4.00 | 75.00 | 79.00 | NOTE | |
r-oldrel-macos-arm64 | 0.2.0 | 35.00 | NOTE | |||
r-oldrel-macos-x86_64 | 0.2.0 | 55.00 | NOTE | |||
r-oldrel-windows-x86_64 | 0.2.0 | 5.00 | 78.00 | 83.00 | NOTE |
Version: 0.2.0
Check: LazyData
Result: NOTE
'LazyData' is specified without a 'data' directory
Flavors: r-devel-linux-x86_64-debian-clang, r-devel-linux-x86_64-debian-gcc, r-devel-linux-x86_64-fedora-clang, r-devel-linux-x86_64-fedora-gcc, r-devel-windows-x86_64, r-patched-linux-x86_64, r-release-linux-x86_64, r-release-macos-arm64, r-release-macos-x86_64, r-release-windows-x86_64, r-oldrel-macos-arm64, r-oldrel-macos-x86_64, r-oldrel-windows-x86_64