CRAN Package Check Results for Package FAST.R

Last updated on 2024-06-19 14:58:41 CEST.

Flavor Version Tinstall Tcheck Ttotal Status Flags
r-devel-linux-x86_64-debian-clang 0.2.1 9.61 88.70 98.31 OK
r-devel-linux-x86_64-debian-gcc 0.2.1 7.20 66.46 73.66 OK
r-devel-linux-x86_64-fedora-clang 0.2.1 123.65 OK
r-devel-linux-x86_64-fedora-gcc 0.2.1 116.01 OK
r-devel-windows-x86_64 0.2.1 8.00 86.00 94.00 OK
r-patched-linux-x86_64 0.2.1 5.69 86.56 92.25 OK
r-release-linux-x86_64 0.2.1 5.96 84.91 90.87 OK
r-release-macos-arm64 0.2.1 41.00 OK
r-release-macos-x86_64 0.2.1 59.00 OK
r-release-windows-x86_64 0.2.1 8.00 16.00 24.00 FAIL
r-oldrel-macos-arm64 0.2.1 52.00 OK
r-oldrel-macos-x86_64 0.2.1 89.00 OK
r-oldrel-windows-x86_64 0.2.1 11.00 98.00 109.00 OK

Check Details

Version: 0.2.1
Check: R files for syntax errors
Result: ERROR Error: memory exhausted Execution halted Flavor: r-release-windows-x86_64

Version: 0.2.1
Check: whether the package can be loaded with stated dependencies
Result: WARN It looks like this package (or one of its dependent packages) has an unstated dependence on a standard package. All dependencies must be declared in DESCRIPTION. See section 'The DESCRIPTION file' in the 'Writing R Extensions' manual. Flavor: r-release-windows-x86_64

Version: 0.2.1
Check: whether the namespace can be unloaded cleanly
Result: WARN Error in inDL(x, as.logical(local), as.logical(now), ...) : unable to load shared object 'D:/RCompile/CRANpkg/lib/4.4/fansi/libs/x64/fansi.dll': LoadLibrary failure: Die Auslagerungsdatei ist zu klein, um diesen Vorgang durchzuführen. Calls: suppressMessages ... asNamespace -> loadNamespace -> library.dynam -> dyn.load -> inDL Execution halted Flavor: r-release-windows-x86_64

Version: 0.2.1
Check: loading without being on the library search path
Result: WARN During startup - Warning message: package 'datasets' in options("defaultPackages") was not found Error: package or namespace load failed for 'FAST.R' in inDL(x, as.logical(local), as.logical(now), ...): unable to load shared object 'D:/RCompile/CRANpkg/lib/4.4/promises/libs/x64/promises.dll': LoadLibrary failure: Die Auslagerungsdatei ist zu klein, um diesen Vorgang durchzuführen. Execution halted It looks like this package has a loading problem when not on .libPaths: see the messages for details. Flavor: r-release-windows-x86_64

Version: 0.2.1
Check: dependencies in R code
Result: FAIL
Flavor: r-release-windows-x86_64