Last updated on 2024-05-02 11:51:19 CEST.
Flavor | Version | Tinstall | Tcheck | Ttotal | Status | Flags |
---|---|---|---|---|---|---|
r-devel-linux-x86_64-debian-clang | 1.2 | 27.01 | 35.39 | 62.40 | OK | |
r-devel-linux-x86_64-debian-gcc | 1.2 | 21.42 | 27.19 | 48.61 | OK | |
r-devel-linux-x86_64-fedora-clang | 1.2 | 82.04 | OK | |||
r-devel-linux-x86_64-fedora-gcc | 1.2 | 85.61 | OK | |||
r-devel-windows-x86_64 | 1.2 | 25.00 | 67.00 | 92.00 | OK | |
r-patched-linux-x86_64 | 1.2 | 26.19 | 34.40 | 60.59 | OK | |
r-release-linux-x86_64 | 1.2 | 27.54 | 34.01 | 61.55 | OK | |
r-release-macos-arm64 | 1.2 | 27.00 | NOTE | |||
r-release-windows-x86_64 | 1.2 | 25.00 | 76.00 | 101.00 | OK | |
r-oldrel-macos-arm64 | 1.2 | 30.00 | NOTE | |||
r-oldrel-macos-x86_64 | 1.2 | 44.00 | NOTE | |||
r-oldrel-windows-x86_64 | 1.2 | 30.00 | 77.00 | 107.00 | OK |
Version: 1.2
Check: installed package size
Result: NOTE
installed size is 5.8Mb
sub-directories of 1Mb or more:
data 3.5Mb
libs 2.2Mb
Flavors: r-release-macos-arm64, r-oldrel-macos-arm64, r-oldrel-macos-x86_64