Last updated on 2025-02-05 07:50:12 CET.
Flavor | Version | Tinstall | Tcheck | Ttotal | Status | Flags |
---|---|---|---|---|---|---|
r-devel-linux-x86_64-debian-clang | 1.0.1 | 2.50 | 22.03 | 24.53 | NOTE | |
r-devel-linux-x86_64-debian-gcc | 1.0.1 | 1.54 | 18.19 | 19.73 | NOTE | |
r-devel-linux-x86_64-fedora-clang | 1.0.1 | 39.57 | NOTE | |||
r-devel-linux-x86_64-fedora-gcc | 1.0.1 | 36.94 | NOTE | |||
r-devel-windows-x86_64 | 1.0.1 | 3.00 | 46.00 | 49.00 | NOTE | |
r-patched-linux-x86_64 | 1.0.1 | 1.84 | 21.15 | 22.99 | NOTE | |
r-release-linux-x86_64 | 1.0.1 | 1.95 | 20.73 | 22.68 | NOTE | |
r-release-macos-arm64 | 1.0.1 | 19.00 | NOTE | |||
r-release-macos-x86_64 | 1.0.1 | 26.00 | NOTE | |||
r-release-windows-x86_64 | 1.0.1 | 3.00 | 43.00 | 46.00 | NOTE | |
r-oldrel-macos-arm64 | 1.0.1 | 19.00 | OK | |||
r-oldrel-macos-x86_64 | 1.0.1 | 23.00 | OK | |||
r-oldrel-windows-x86_64 | 1.0.1 | 4.00 | 46.00 | 50.00 | OK |
Version: 1.0.1
Check: Rd files
Result: NOTE
checkRd: (-1) p.fdr.Rd:30: Lost braces
30 | \item{adjust.method}{A string used to identify the p-value and false discovery rate adjustment method. Defaults to \code{BH}. Options are \code{BH}, \code{BY}, code{Bon},\code{Holm}, \code{Hoch}, and \code{Sidak}.}
| ^
Flavors: r-devel-linux-x86_64-debian-clang, r-devel-linux-x86_64-debian-gcc, r-devel-linux-x86_64-fedora-clang, r-devel-linux-x86_64-fedora-gcc, r-devel-windows-x86_64, r-patched-linux-x86_64, r-release-linux-x86_64, r-release-macos-arm64, r-release-macos-x86_64, r-release-windows-x86_64