Last updated on 2025-02-04 17:49:14 CET.
Flavor | Version | Tinstall | Tcheck | Ttotal | Status | Flags |
---|---|---|---|---|---|---|
r-devel-linux-x86_64-debian-clang | 1.3.6.3 | 7.41 | 179.97 | 187.38 | NOTE | |
r-devel-linux-x86_64-debian-gcc | 1.3.6.3 | 5.32 | 117.39 | 122.71 | NOTE | |
r-devel-linux-x86_64-fedora-clang | 1.3.6.3 | 311.47 | OK | |||
r-devel-linux-x86_64-fedora-gcc | 1.3.6.3 | 303.44 | OK | |||
r-devel-windows-x86_64 | 1.3.6.3 | 11.00 | 286.00 | 297.00 | NOTE | |
r-patched-linux-x86_64 | 1.3.6.3 | 9.33 | 174.91 | 184.24 | OK | |
r-release-linux-x86_64 | 1.3.6.3 | 6.05 | 176.12 | 182.17 | OK | |
r-release-macos-arm64 | 1.3.6.3 | 87.00 | OK | |||
r-release-macos-x86_64 | 1.3.6.3 | 166.00 | OK | |||
r-release-windows-x86_64 | 1.3.6.3 | 11.00 | 278.00 | 289.00 | OK | |
r-oldrel-macos-arm64 | 1.3.6.3 | 142.00 | OK | |||
r-oldrel-macos-x86_64 | 1.3.6.3 | 397.00 | OK | |||
r-oldrel-windows-x86_64 | 1.3.6.3 | 12.00 | 287.00 | 299.00 | OK |
Version: 1.3.6.3
Check: Rd cross-references
Result: NOTE
Found the following Rd file(s) with Rd \link{} targets missing package
anchors:
obsplot.Rd: print.deSolve, ode, deSolve
Please provide package anchors for all Rd \link{} targets not in the
package itself and the base packages.
Flavors: r-devel-linux-x86_64-debian-clang, r-devel-linux-x86_64-debian-gcc, r-devel-windows-x86_64