Last updated on 2023-11-30 01:53:29 CET.
Flavor | Version | Tinstall | Tcheck | Ttotal | Status | Flags |
---|---|---|---|---|---|---|
r-devel-linux-x86_64-debian-clang | 3.4.7 | 131.63 | 195.51 | 327.14 | OK | |
r-devel-linux-x86_64-debian-gcc | 3.4.7 | 99.01 | 141.75 | 240.76 | OK | |
r-devel-linux-x86_64-fedora-clang | 3.4.7 | 459.24 | OK | |||
r-devel-linux-x86_64-fedora-gcc | 3.4.7 | 455.01 | OK | |||
r-devel-windows-x86_64 | 3.4.7 | 78.00 | 189.00 | 267.00 | OK | |
r-patched-linux-x86_64 | 3.4.6 | 89.71 | 185.22 | 274.93 | OK | |
r-release-linux-x86_64 | 3.4.7 | 79.76 | 182.47 | 262.23 | OK | |
r-release-macos-arm64 | 3.4.7 | 103.00 | NOTE | |||
r-release-macos-x86_64 | 3.4.7 | 233.00 | NOTE | |||
r-release-windows-x86_64 | 3.4.7 | 121.00 | 229.00 | 350.00 | OK | |
r-oldrel-macos-arm64 | 3.4.7 | 88.00 | NOTE | |||
r-oldrel-macos-x86_64 | 3.4.6 | 126.00 | NOTE | |||
r-oldrel-windows-x86_64 | 3.4.7 | 117.00 | 205.00 | 322.00 | OK |
Version: 3.4.7
Check: installed package size
Result: NOTE
installed size is 9.1Mb
sub-directories of 1Mb or more:
doc 1.7Mb
libs 6.2Mb
Flavors: r-release-macos-arm64, r-release-macos-x86_64, r-oldrel-macos-arm64
Version: 3.4.6
Check: installed package size
Result: NOTE
installed size is 9.1Mb
sub-directories of 1Mb or more:
doc 1.7Mb
libs 6.2Mb
Flavor: r-oldrel-macos-x86_64