Last updated on 2024-08-31 22:49:38 CEST.
Flavor | Version | Tinstall | Tcheck | Ttotal | Status | Flags |
---|---|---|---|---|---|---|
r-devel-linux-x86_64-debian-clang | 2.6 | 17.39 | 105.82 | 123.21 | NOTE | |
r-devel-linux-x86_64-debian-gcc | 2.6 | 13.10 | 76.00 | 89.10 | NOTE | |
r-devel-linux-x86_64-fedora-clang | 2.6 | 198.25 | OK | |||
r-devel-linux-x86_64-fedora-gcc | 2.6 | 204.69 | OK | |||
r-devel-windows-x86_64 | 2.6 | 17.00 | 105.00 | 122.00 | NOTE | |
r-patched-linux-x86_64 | 2.6 | 22.55 | 97.03 | 119.58 | OK | |
r-release-linux-x86_64 | 2.6 | 15.46 | 98.29 | 113.75 | OK | |
r-release-macos-arm64 | 2.6 | 36.00 | OK | |||
r-release-macos-x86_64 | 2.6 | 84.00 | OK | |||
r-release-windows-x86_64 | 2.6 | 17.00 | 105.00 | 122.00 | OK | |
r-oldrel-macos-arm64 | 2.6 | 45.00 | OK | |||
r-oldrel-macos-x86_64 | 2.6 | 56.00 | OK | |||
r-oldrel-windows-x86_64 | 2.6 | 21.00 | 134.00 | 155.00 | OK |
Version: 2.6
Check: Rd cross-references
Result: NOTE
Found the following Rd file(s) with Rd \link{} targets missing package
anchors:
CAshiny.Rd: CA, plot.CA
FAMDshiny.Rd: FAMD, plot.FAMD
HCPCshiny.Rd: HCPC, plot.HCPC
MCAshiny.Rd: MCA, dimdesc, plot.MCA
MFAshiny.Rd: PCA, plot.PCA
PCAshiny.Rd: PCA, plot.PCA
Please provide package anchors for all Rd \link{} targets not in the
package itself and the base packages.
Flavors: r-devel-linux-x86_64-debian-clang, r-devel-linux-x86_64-debian-gcc, r-devel-windows-x86_64