Last updated on 2025-02-04 18:49:43 CET.
Flavor | Version | Tinstall | Tcheck | Ttotal | Status | Flags |
---|---|---|---|---|---|---|
r-devel-linux-x86_64-debian-clang | 2.2.0 | 32.86 | 30.54 | 63.40 | NOTE | |
r-devel-linux-x86_64-debian-gcc | 2.2.0 | 23.79 | 26.57 | 50.36 | NOTE | |
r-devel-linux-x86_64-fedora-clang | 2.2.0 | 117.95 | NOTE | |||
r-devel-linux-x86_64-fedora-gcc | 2.2.0 | 138.96 | NOTE | |||
r-devel-windows-x86_64 | 2.2.0 | 34.00 | 85.00 | 119.00 | NOTE | |
r-patched-linux-x86_64 | 2.2.0 | 34.75 | 30.00 | 64.75 | NOTE | |
r-release-linux-x86_64 | 2.2.0 | 33.28 | 29.72 | 63.00 | NOTE | |
r-release-macos-arm64 | 2.2.0 | 33.00 | NOTE | |||
r-release-macos-x86_64 | 2.2.0 | 53.00 | NOTE | |||
r-release-windows-x86_64 | 2.2.0 | 34.00 | 81.00 | 115.00 | NOTE | |
r-oldrel-macos-arm64 | 2.2.0 | 41.00 | NOTE | |||
r-oldrel-macos-x86_64 | 2.2.0 | 59.00 | NOTE | |||
r-oldrel-windows-x86_64 | 2.2.0 | 40.00 | 82.00 | 122.00 | NOTE |
Version: 2.2.0
Check: C++ specification
Result: NOTE
Specified C++11: please drop specification unless essential
Flavors: r-devel-linux-x86_64-debian-clang, r-devel-linux-x86_64-debian-gcc, r-devel-linux-x86_64-fedora-clang, r-devel-linux-x86_64-fedora-gcc, r-devel-windows-x86_64, r-patched-linux-x86_64, r-release-linux-x86_64, r-release-macos-arm64, r-release-macos-x86_64, r-release-windows-x86_64, r-oldrel-macos-arm64, r-oldrel-macos-x86_64, r-oldrel-windows-x86_64