Last updated on 2023-12-05 14:48:47 CET.
Flavor | Version | Tinstall | Tcheck | Ttotal | Status | Flags |
---|---|---|---|---|---|---|
r-devel-linux-x86_64-debian-clang | 1.4.0 | 641.16 | 138.51 | 779.67 | OK | |
r-devel-linux-x86_64-debian-gcc | 1.4.0 | 467.16 | 127.70 | 594.86 | OK | |
r-devel-linux-x86_64-fedora-clang | 1.4.0 | 1018.29 | OK | |||
r-devel-linux-x86_64-fedora-gcc | 1.4.0 | 1174.06 | OK | |||
r-devel-windows-x86_64 | 1.4.0 | 312.00 | 169.00 | 481.00 | OK | |
r-patched-linux-x86_64 | 1.4.0 | 412.93 | 159.13 | 572.06 | OK | |
r-release-linux-x86_64 | 1.4.0 | 475.42 | 157.00 | 632.42 | OK | |
r-release-macos-arm64 | 1.4.0 | 171.00 | NOTE | |||
r-release-macos-x86_64 | 1.4.0 | 223.00 | NOTE | |||
r-release-windows-x86_64 | 1.4.0 | 337.00 | 203.00 | 540.00 | OK | |
r-oldrel-macos-arm64 | 1.4.0 | 205.00 | NOTE | |||
r-oldrel-macos-x86_64 | 1.4.0 | 344.00 | NOTE | |||
r-oldrel-windows-x86_64 | 1.4.0 | 483.00 | 182.00 | 665.00 | OK |
Version: 1.4.0
Check: installed package size
Result: NOTE
installed size is 35.2Mb
sub-directories of 1Mb or more:
libs 34.8Mb
Flavors: r-release-macos-arm64, r-release-macos-x86_64, r-oldrel-macos-arm64, r-oldrel-macos-x86_64