Last updated on 2023-12-01 02:53:34 CET.
Flavor | Version | Tinstall | Tcheck | Ttotal | Status | Flags |
---|---|---|---|---|---|---|
r-devel-linux-x86_64-debian-clang | 1.3.1 | 14.67 | 212.96 | 227.63 | OK | |
r-devel-linux-x86_64-debian-gcc | 1.3.1 | 12.84 | 153.66 | 166.50 | OK | |
r-devel-linux-x86_64-fedora-clang | 1.3.1 | 308.61 | NOTE | |||
r-devel-linux-x86_64-fedora-gcc | 1.3.1 | 270.91 | OK | |||
r-devel-windows-x86_64 | 1.3.1 | 14.00 | 158.00 | 172.00 | OK | |
r-patched-linux-x86_64 | 1.3.1 | 16.15 | 200.89 | 217.04 | OK | |
r-release-linux-x86_64 | 1.3.1 | 10.47 | 201.21 | 211.68 | OK | |
r-release-macos-arm64 | 1.3.1 | 74.00 | OK | |||
r-release-macos-x86_64 | 1.3.1 | 139.00 | OK | |||
r-release-windows-x86_64 | 1.3.1 | 20.00 | 207.00 | 227.00 | OK | |
r-oldrel-macos-arm64 | 1.3.1 | 76.00 | OK | |||
r-oldrel-macos-x86_64 | 1.3.1 | 130.00 | OK | |||
r-oldrel-windows-x86_64 | 1.3.1 | 19.00 | 206.00 | 225.00 | OK |
Version: 1.3.1
Check: Rd cross-references
Result: NOTE
Undeclared package ‘ForecastCombinations’ in Rd xrefs
Flavor: r-devel-linux-x86_64-fedora-clang