Last updated on 2025-02-04 16:49:11 CET.
Flavor | Version | Tinstall | Tcheck | Ttotal | Status | Flags |
---|---|---|---|---|---|---|
r-devel-linux-x86_64-debian-clang | 1.0.1 | 7.56 | 69.16 | 76.72 | OK | |
r-devel-linux-x86_64-debian-gcc | 1.0.1 | 5.12 | 49.32 | 54.44 | OK | |
r-devel-linux-x86_64-fedora-clang | 1.0.1 | 118.71 | NOTE | |||
r-devel-linux-x86_64-fedora-gcc | 1.0.1 | 158.98 | NOTE | |||
r-devel-windows-x86_64 | 1.0.1 | 9.00 | 79.00 | 88.00 | OK | |
r-patched-linux-x86_64 | 1.0.1 | 8.29 | 60.79 | 69.08 | NOTE | |
r-release-linux-x86_64 | 1.0.1 | 7.32 | 61.47 | 68.79 | NOTE | |
r-release-macos-arm64 | 1.0.1 | 50.00 | NOTE | |||
r-release-macos-x86_64 | 1.0.1 | 104.00 | NOTE | |||
r-release-windows-x86_64 | 1.0.1 | 9.00 | 75.00 | 84.00 | NOTE | |
r-oldrel-macos-arm64 | 1.0.1 | 48.00 | NOTE | |||
r-oldrel-macos-x86_64 | 1.0.1 | 81.00 | NOTE | |||
r-oldrel-windows-x86_64 | 1.0.1 | 13.00 | 91.00 | 104.00 | NOTE |
Version: 1.0.1
Check: dependencies in R code
Result: NOTE
Namespace in Imports field not imported from: ‘decomposedPSF’
All declared Imports should be used.
Flavors: r-devel-linux-x86_64-fedora-clang, r-devel-linux-x86_64-fedora-gcc
Version: 1.0.1
Check: LazyData
Result: NOTE
'LazyData' is specified without a 'data' directory
Flavors: r-patched-linux-x86_64, r-release-linux-x86_64, r-release-macos-arm64, r-release-macos-x86_64, r-release-windows-x86_64, r-oldrel-macos-arm64, r-oldrel-macos-x86_64, r-oldrel-windows-x86_64