Last updated on 2024-07-27 18:56:56 CEST.
Flavor | Version | Tinstall | Tcheck | Ttotal | Status | Flags |
---|---|---|---|---|---|---|
r-devel-linux-x86_64-debian-clang | 1.2-3 | 90.54 | 85.79 | 176.33 | OK | |
r-devel-linux-x86_64-debian-gcc | 1.2-3 | NOTE | ||||
r-devel-linux-x86_64-fedora-clang | 1.2-3 | 245.30 | NOTE | |||
r-devel-linux-x86_64-fedora-gcc | 1.2-3 | 233.70 | OK | |||
r-devel-windows-x86_64 | 1.2-3 | 78.00 | 83.00 | 161.00 | NOTE | |
r-patched-linux-x86_64 | 1.2-3 | OK | ||||
r-release-linux-x86_64 | 1.2-3 | 88.35 | 85.05 | 173.40 | OK | |
r-release-macos-arm64 | 1.2-3 | 91.00 | NOTE | |||
r-release-macos-x86_64 | 1.2-3 | 114.00 | NOTE | |||
r-release-windows-x86_64 | 1.2-3 | 78.00 | 81.00 | 159.00 | NOTE | |
r-oldrel-macos-arm64 | 1.2-3 | 99.00 | NOTE | |||
r-oldrel-macos-x86_64 | 1.2-3 | 256.00 | NOTE | |||
r-oldrel-windows-x86_64 | 1.2-3 | 102.00 | 94.00 | 196.00 | NOTE |
Version: 1.2-3
Check: Rd cross-references
Result: NOTE
Found the following Rd file(s) with Rd \link{} targets missing package
anchors:
Catalogues.Rd: FrF2
Please provide package anchors for all Rd \link{} targets not in the
package itself and the base packages.
Flavors: r-devel-linux-x86_64-debian-gcc, r-devel-windows-x86_64
Version: 1.2-3
Check: installed package size
Result: NOTE
installed size is 5.8Mb
sub-directories of 1Mb or more:
R 5.7Mb
Flavors: r-devel-linux-x86_64-fedora-clang, r-devel-windows-x86_64, r-release-macos-arm64, r-release-macos-x86_64, r-release-windows-x86_64, r-oldrel-macos-arm64, r-oldrel-macos-x86_64, r-oldrel-windows-x86_64