CRAN Package Check Results for Package GE

Last updated on 2024-06-13 11:48:12 CEST.

Flavor Version Tinstall Tcheck Ttotal Status Flags
r-devel-linux-x86_64-debian-clang 0.4.5 12.19 103.85 116.04 OK
r-devel-linux-x86_64-debian-gcc 0.4.5 0.69 1.77 2.46 ERROR
r-devel-linux-x86_64-fedora-clang 0.4.5 143.43 OK
r-devel-linux-x86_64-fedora-gcc 0.4.5 133.74 OK
r-devel-windows-x86_64 0.4.5 10.00 138.00 148.00 OK
r-patched-linux-x86_64 0.4.5 9.41 98.88 108.29 OK
r-release-linux-x86_64 0.4.5 6.34 98.77 105.11 OK
r-release-macos-arm64 0.4.5 38.00 OK
r-release-macos-x86_64 0.4.5 91.00 OK
r-release-windows-x86_64 0.4.5 16.00 158.00 174.00 OK
r-oldrel-macos-arm64 0.4.5 48.00 OK
r-oldrel-macos-x86_64 0.4.5 81.00 OK
r-oldrel-windows-x86_64 0.4.5 14.00 160.00 174.00 OK

Check Details

Version: 0.4.5
Check: package dependencies
Result: ERROR Package required but not available: ‘DiagrammeR’ See section ‘The DESCRIPTION file’ in the ‘Writing R Extensions’ manual. Flavor: r-devel-linux-x86_64-debian-gcc