Last updated on 2025-02-04 17:49:15 CET.
Flavor | Version | Tinstall | Tcheck | Ttotal | Status | Flags |
---|---|---|---|---|---|---|
r-devel-linux-x86_64-debian-clang | 3.0.0 | 20.24 | 128.67 | 148.91 | NOTE | |
r-devel-linux-x86_64-debian-gcc | 3.0.0 | 12.66 | 82.45 | 95.11 | NOTE | |
r-devel-linux-x86_64-fedora-clang | 3.0.0 | 238.52 | NOTE | |||
r-devel-linux-x86_64-fedora-gcc | 3.0.0 | 233.05 | NOTE | |||
r-devel-windows-x86_64 | 3.0.0 | 20.00 | 133.00 | 153.00 | NOTE | |
r-patched-linux-x86_64 | 3.0.0 | 23.25 | 116.02 | 139.27 | OK | |
r-release-linux-x86_64 | 3.0.0 | 17.75 | 115.21 | 132.96 | OK | |
r-release-macos-arm64 | 3.0.0 | 61.00 | OK | |||
r-release-macos-x86_64 | 3.0.0 | 98.00 | OK | |||
r-release-windows-x86_64 | 3.0.0 | 19.00 | 131.00 | 150.00 | OK | |
r-oldrel-macos-arm64 | 3.0.0 | 68.00 | OK | |||
r-oldrel-macos-x86_64 | 3.0.0 | 113.00 | OK | |||
r-oldrel-windows-x86_64 | 3.0.0 | 25.00 | 163.00 | 188.00 | OK |
Version: 3.0.0
Check: Rd cross-references
Result: NOTE
Found the following Rd file(s) with Rd \link{} targets missing package
anchors:
ancsvm.Rd: svm
Please provide package anchors for all Rd \link{} targets not in the
package itself and the base packages.
Flavors: r-devel-linux-x86_64-debian-clang, r-devel-linux-x86_64-debian-gcc, r-devel-windows-x86_64
Version: 3.0.0
Check: dependencies in R code
Result: NOTE
Namespace in Imports field not imported from: ‘class’
All declared Imports should be used.
Flavors: r-devel-linux-x86_64-fedora-clang, r-devel-linux-x86_64-fedora-gcc