Last updated on 2024-03-28 12:50:35 CET.
Flavor | Version | Tinstall | Tcheck | Ttotal | Status | Flags |
---|---|---|---|---|---|---|
r-devel-linux-x86_64-debian-clang | 1.8 | 47.50 | 169.96 | 217.46 | OK | |
r-devel-linux-x86_64-debian-gcc | 1.8 | 35.49 | 124.60 | 160.09 | OK | |
r-devel-linux-x86_64-fedora-clang | 1.8 | 276.31 | NOTE | |||
r-devel-linux-x86_64-fedora-gcc | 1.8 | 310.43 | OK | |||
r-devel-windows-x86_64 | 1.8 | 37.00 | 152.00 | 189.00 | OK | |
r-patched-linux-x86_64 | 1.8 | 46.18 | 164.11 | 210.29 | OK | |
r-release-linux-x86_64 | 1.8 | 45.47 | 166.79 | 212.26 | OK | |
r-release-macos-arm64 | 1.8 | 107.00 | OK | |||
r-release-macos-x86_64 | 1.8 | 181.00 | OK | |||
r-release-windows-x86_64 | 1.8 | 47.00 | 199.00 | 246.00 | OK | |
r-oldrel-macos-arm64 | 1.8 | 87.00 | OK | |||
r-oldrel-windows-x86_64 | 1.8 | 50.00 | 194.00 | 244.00 | OK |
Version: 1.8
Check: Rd cross-references
Result: NOTE
Undeclared package ‘permute’ in Rd xrefs
Flavor: r-devel-linux-x86_64-fedora-clang