CRAN Package Check Results for Package GeneralizedWendland

Last updated on 2025-02-04 15:49:11 CET.

Flavor Version Tinstall Tcheck Ttotal Status Flags
r-devel-linux-x86_64-debian-clang 0.6.0 25.20 103.93 129.13 NOTE
r-devel-linux-x86_64-debian-gcc 0.6.0 20.78 71.01 91.79 NOTE
r-devel-linux-x86_64-fedora-clang 0.6.0 225.50 OK
r-devel-linux-x86_64-fedora-gcc 0.6.0 230.54 OK
r-devel-windows-x86_64 0.6.0 31.00 125.00 156.00 NOTE
r-patched-linux-x86_64 0.6.0 30.53 93.62 124.15 OK
r-release-linux-x86_64 0.6.0 29.09 93.75 122.84 OK
r-release-macos-arm64 0.6.0 61.00 OK
r-release-macos-x86_64 0.6.0 95.00 OK
r-release-windows-x86_64 0.6.0 30.00 128.00 158.00 OK
r-oldrel-macos-arm64 0.6.0 68.00 OK
r-oldrel-macos-x86_64 0.6.0 160.00 OK
r-oldrel-windows-x86_64 0.6.0 36.00 158.00 194.00 OK

Check Details

Version: 0.6.0
Check: Rd cross-references
Result: NOTE Found the following Rd file(s) with Rd \link{} targets missing package anchors: factory-mleFactory.Rd: optimParallel factory-optimFactory.Rd: optimParallel Please provide package anchors for all Rd \link{} targets not in the package itself and the base packages. Flavors: r-devel-linux-x86_64-debian-clang, r-devel-linux-x86_64-debian-gcc, r-devel-windows-x86_64