Last updated on 2024-08-31 22:49:39 CEST.
Flavor | Version | Tinstall | Tcheck | Ttotal | Status | Flags |
---|---|---|---|---|---|---|
r-devel-linux-x86_64-debian-clang | 0.6.0 | 28.28 | 100.30 | 128.58 | NOTE | |
r-devel-linux-x86_64-debian-gcc | 0.6.0 | 20.71 | 70.41 | 91.12 | NOTE | |
r-devel-linux-x86_64-fedora-clang | 0.6.0 | 207.99 | OK | |||
r-devel-linux-x86_64-fedora-gcc | 0.6.0 | 229.36 | OK | |||
r-devel-windows-x86_64 | 0.6.0 | 32.00 | 119.00 | 151.00 | NOTE | |
r-patched-linux-x86_64 | 0.6.0 | 29.81 | 93.10 | 122.91 | OK | |
r-release-linux-x86_64 | 0.6.0 | 25.75 | 94.44 | 120.19 | OK | |
r-release-macos-arm64 | 0.6.0 | 61.00 | OK | |||
r-release-macos-x86_64 | 0.6.0 | 95.00 | OK | |||
r-release-windows-x86_64 | 0.6.0 | 31.00 | 124.00 | 155.00 | OK | |
r-oldrel-macos-arm64 | 0.6.0 | 68.00 | OK | |||
r-oldrel-macos-x86_64 | 0.6.0 | 160.00 | OK | |||
r-oldrel-windows-x86_64 | 0.6.0 | 38.00 | 160.00 | 198.00 | OK |
Version: 0.6.0
Check: Rd cross-references
Result: NOTE
Found the following Rd file(s) with Rd \link{} targets missing package
anchors:
factory-mleFactory.Rd: optimParallel
factory-optimFactory.Rd: optimParallel
Please provide package anchors for all Rd \link{} targets not in the
package itself and the base packages.
Flavors: r-devel-linux-x86_64-debian-clang, r-devel-linux-x86_64-debian-gcc, r-devel-windows-x86_64