Last updated on 2025-05-01 09:52:34 CEST.
Flavor | Version | Tinstall | Tcheck | Ttotal | Status | Flags |
---|---|---|---|---|---|---|
r-devel-linux-x86_64-debian-clang | 0.6.0 | 27.67 | 101.53 | 129.20 | NOTE | |
r-devel-linux-x86_64-debian-gcc | 0.6.0 | 20.58 | 73.58 | 94.16 | NOTE | |
r-devel-linux-x86_64-fedora-clang | 0.6.0 | 216.11 | OK | |||
r-devel-linux-x86_64-fedora-gcc | 0.6.0 | 218.88 | OK | |||
r-devel-windows-x86_64 | 0.6.0 | 32.00 | 129.00 | 161.00 | NOTE | |
r-patched-linux-x86_64 | 0.6.0 | 29.32 | 97.45 | 126.77 | NOTE | |
r-release-linux-x86_64 | NOTE | |||||
r-release-macos-arm64 | 0.6.0 | 67.00 | OK | |||
r-release-macos-x86_64 | 0.6.0 | 123.00 | OK | |||
r-release-windows-x86_64 | 0.6.0 | 33.00 | 129.00 | 162.00 | NOTE | |
r-oldrel-macos-arm64 | 0.6.0 | 61.00 | OK | |||
r-oldrel-macos-x86_64 | 0.6.0 | 95.00 | OK | |||
r-oldrel-windows-x86_64 | 0.6.0 | 36.00 | 157.00 | 193.00 | OK |
Version: 0.6.0
Check: CRAN incoming feasibility
Result: NOTE
Maintainer: ‘Thomas C. Fischer <thomascasparfischer@gmail.com>’
The Description field contains
(2022) <arXiv:2008.02904>. Reinhard Furrer and Roman Flury and Florian
Please refer to arXiv e-prints via their arXiv DOI <doi:10.48550/arXiv.YYMM.NNNNN>.
Flavors: r-devel-linux-x86_64-debian-clang, r-devel-linux-x86_64-debian-gcc
Version: 0.6.0
Check: Rd cross-references
Result: NOTE
Found the following Rd file(s) with Rd \link{} targets missing package
anchors:
factory-mleFactory.Rd: optimParallel
factory-optimFactory.Rd: optimParallel
Please provide package anchors for all Rd \link{} targets not in the
package itself and the base packages.
Flavors: r-devel-linux-x86_64-debian-clang, r-devel-linux-x86_64-debian-gcc, r-devel-windows-x86_64, r-patched-linux-x86_64, r-release-linux-x86_64, r-release-windows-x86_64
Version: 0.6.0
Check: examples
Result: NOTE
Examples with CPU (user + system) or elapsed time > 5s
user system elapsed
factory-optimFactory 5.05 0.277 6.406
Flavor: r-devel-linux-x86_64-debian-clang