CRAN Package Check Results for Package GenomeAdmixR

Last updated on 2025-04-30 00:49:45 CEST.

Flavor Version Tinstall Tcheck Ttotal Status Flags
r-devel-linux-x86_64-debian-clang 2.1.7 67.78 274.85 342.63 NOTE
r-devel-linux-x86_64-debian-gcc 2.1.7 49.65 193.53 243.18 NOTE
r-devel-linux-x86_64-fedora-clang 2.1.7 579.20 NOTE
r-devel-linux-x86_64-fedora-gcc 2.1.7 558.33 NOTE
r-devel-windows-x86_64 2.1.7 92.00 276.00 368.00 NOTE
r-patched-linux-x86_64 2.1.7 74.54 259.59 334.13 NOTE
r-release-linux-x86_64 2.1.7 68.15 276.24 344.39 NOTE
r-release-macos-arm64 2.1.7 139.00 NOTE
r-release-macos-x86_64 2.1.7 294.00 NOTE
r-release-windows-x86_64 2.1.7 91.00 274.00 365.00 NOTE
r-oldrel-macos-arm64 2.1.7 81.00 NOTE
r-oldrel-macos-x86_64 2.1.7 149.00 NOTE
r-oldrel-windows-x86_64 2.1.7 102.00 371.00 473.00 NOTE

Check Details

Version: 2.1.7
Check: C++ specification
Result: NOTE Specified C++14: please drop specification unless essential Flavors: r-devel-linux-x86_64-debian-clang, r-devel-linux-x86_64-debian-gcc, r-devel-linux-x86_64-fedora-clang, r-devel-linux-x86_64-fedora-gcc, r-devel-windows-x86_64, r-patched-linux-x86_64, r-release-linux-x86_64, r-release-macos-arm64, r-release-macos-x86_64, r-release-windows-x86_64, r-oldrel-macos-arm64, r-oldrel-macos-x86_64, r-oldrel-windows-x86_64

Version: 2.1.7
Check: Rd files
Result: NOTE checkRd: (-1) simulate_admixture.Rd:36: Lost braces 36 | \code{location}{ location of the marker under selection (in Morgan) } | ^ checkRd: (-1) simulate_ancestry.Rd:49: Lost braces 49 | \code{location}{ location of the marker under selection (in Morgan) } | ^ checkRd: (-1) simulate_ancestry_migration.Rd:59: Lost braces 59 | \code{location}{ location of the marker under selection (in Morgan) } | ^ checkRd: (-1) simulate_sequence.Rd:51: Lost braces 51 | \code{location}{ location of the marker under selection (in Morgan) } | ^ checkRd: (-1) simulate_sequence_migration.Rd:58: Lost braces 58 | \code{location}{ location of the marker under selection (in Morgan) } | ^ Flavors: r-devel-linux-x86_64-debian-clang, r-devel-linux-x86_64-debian-gcc, r-devel-linux-x86_64-fedora-clang, r-devel-linux-x86_64-fedora-gcc, r-devel-windows-x86_64, r-patched-linux-x86_64, r-release-linux-x86_64, r-release-macos-arm64, r-release-macos-x86_64, r-release-windows-x86_64, r-oldrel-macos-arm64, r-oldrel-macos-x86_64, r-oldrel-windows-x86_64

Version: 2.1.7
Check: dependencies in R code
Result: NOTE Namespace in Imports field not imported from: ‘methods’ All declared Imports should be used. Flavors: r-devel-linux-x86_64-fedora-clang, r-devel-linux-x86_64-fedora-gcc

Version: 2.1.7
Check: installed package size
Result: NOTE installed size is 6.8Mb sub-directories of 1Mb or more: doc 2.0Mb libs 4.3Mb Flavors: r-oldrel-macos-arm64, r-oldrel-macos-x86_64