CRAN Package Check Results for Package GillespieSSA2

Last updated on 2025-04-30 06:51:18 CEST.

Flavor Version Tinstall Tcheck Ttotal Status Flags
r-devel-linux-x86_64-debian-clang 0.3.0 50.39 375.21 425.60 NOTE
r-devel-linux-x86_64-debian-gcc 0.3.0 34.47 260.29 294.76 NOTE
r-devel-linux-x86_64-fedora-clang 0.3.0 767.96 OK
r-devel-linux-x86_64-fedora-gcc 0.3.0 803.94 OK
r-devel-windows-x86_64 0.3.0 59.00 475.00 534.00 OK
r-patched-linux-x86_64 0.3.0 47.39 353.24 400.63 OK
r-release-linux-x86_64 0.3.0 49.26 350.77 400.03 OK
r-release-macos-arm64 0.3.0 199.00 OK
r-release-macos-x86_64 0.3.0 408.00 OK
r-release-windows-x86_64 0.3.0 60.00 460.00 520.00 OK
r-oldrel-macos-arm64 0.3.0 215.00 NOTE
r-oldrel-macos-x86_64 0.3.0 359.00 NOTE
r-oldrel-windows-x86_64 0.3.0 67.00 586.00 653.00 OK

Check Details

Version: 0.3.0
Check: CRAN incoming feasibility
Result: NOTE Maintainer: ‘Robrecht Cannoodt <rcannood@gmail.com>’ Package CITATION file contains call(s) to old-style citEntry(). Please use bibentry() instead. Flavors: r-devel-linux-x86_64-debian-clang, r-devel-linux-x86_64-debian-gcc

Version: 0.3.0
Check: installed package size
Result: NOTE installed size is 5.7Mb sub-directories of 1Mb or more: doc 1.7Mb libs 3.4Mb Flavors: r-oldrel-macos-arm64, r-oldrel-macos-x86_64