Last updated on 2025-04-30 00:49:46 CEST.
Flavor | Version | Tinstall | Tcheck | Ttotal | Status | Flags |
---|---|---|---|---|---|---|
r-devel-linux-x86_64-debian-clang | 1.0.0 | 12.28 | 163.79 | 176.07 | NOTE | |
r-devel-linux-x86_64-debian-gcc | 1.0.0 | 8.04 | 117.65 | 125.69 | NOTE | |
r-devel-linux-x86_64-fedora-clang | 1.0.0 | 270.14 | OK | |||
r-devel-linux-x86_64-fedora-gcc | 1.0.0 | 267.00 | OK | |||
r-devel-windows-x86_64 | 1.0.0 | 12.00 | 187.00 | 199.00 | OK | |
r-patched-linux-x86_64 | 1.0.0 | 12.06 | 153.25 | 165.31 | OK | |
r-release-linux-x86_64 | 1.0.0 | 11.42 | 153.00 | 164.42 | OK | |
r-release-macos-arm64 | 1.0.0 | 110.00 | OK | |||
r-release-macos-x86_64 | 1.0.0 | 163.00 | OK | |||
r-release-windows-x86_64 | 1.0.0 | 13.00 | 170.00 | 183.00 | OK | |
r-oldrel-macos-arm64 | 1.0.0 | 82.00 | OK | |||
r-oldrel-macos-x86_64 | 1.0.0 | 129.00 | OK | |||
r-oldrel-windows-x86_64 | 1.0.0 | 15.00 | 218.00 | 233.00 | OK |
Version: 1.0.0
Check: CRAN incoming feasibility
Result: NOTE
Maintainer: ‘Greg McMahan <gmcmacran@gmail.com>’
No Authors@R field in DESCRIPTION.
Please add one, modifying
Authors@R: person(given = "Greg",
family = "McMahan",
role = c("aut", "cre"),
email = "gmcmacran@gmail.com")
as necessary.
Flavors: r-devel-linux-x86_64-debian-clang, r-devel-linux-x86_64-debian-gcc