Last updated on 2025-02-09 22:50:09 CET.
Flavor | Version | Tinstall | Tcheck | Ttotal | Status | Flags |
---|---|---|---|---|---|---|
r-devel-linux-x86_64-debian-clang | 0.1.0 | 1.86 | 19.55 | 21.41 | OK | |
r-devel-linux-x86_64-debian-gcc | 0.1.0 | 1.68 | 16.41 | 18.09 | OK | |
r-devel-linux-x86_64-fedora-clang | 0.1.0 | 36.36 | OK | |||
r-devel-linux-x86_64-fedora-gcc | 0.1.0 | 33.31 | OK | |||
r-devel-windows-x86_64 | 0.1.0 | 4.00 | 41.00 | 45.00 | OK | |
r-patched-linux-x86_64 | 0.1.0 | 2.02 | 18.70 | 20.72 | NOTE | |
r-release-linux-x86_64 | 0.1.0 | 2.05 | 18.70 | 20.75 | NOTE | |
r-release-macos-arm64 | 0.1.0 | 15.00 | NOTE | |||
r-release-macos-x86_64 | 0.1.0 | 21.00 | NOTE | |||
r-release-windows-x86_64 | 0.1.0 | 4.00 | 41.00 | 45.00 | NOTE | |
r-oldrel-macos-arm64 | 0.1.0 | 19.00 | NOTE | |||
r-oldrel-macos-x86_64 | 0.1.0 | 20.00 | NOTE | |||
r-oldrel-windows-x86_64 | 0.1.0 | 4.00 | 45.00 | 49.00 | NOTE |
Version: 0.1.0
Check: LazyData
Result: NOTE
'LazyData' is specified without a 'data' directory
Flavors: r-patched-linux-x86_64, r-release-linux-x86_64, r-release-macos-arm64, r-release-macos-x86_64, r-release-windows-x86_64, r-oldrel-macos-arm64, r-oldrel-macos-x86_64, r-oldrel-windows-x86_64