CRAN Package Check Results for Package HCD

Last updated on 2024-06-16 10:55:34 CEST.

Flavor Version Tinstall Tcheck Ttotal Status Flags
r-devel-linux-x86_64-debian-clang 1.0 15.43 123.98 139.41 OK
r-devel-linux-x86_64-debian-gcc 1.0 13.41 90.50 103.91 OK
r-devel-linux-x86_64-fedora-clang 1.0 170.44 OK
r-devel-linux-x86_64-fedora-gcc 1.0 157.78 OK
r-devel-windows-x86_64 1.0 15.00 102.00 117.00 OK
r-patched-linux-x86_64 1.0 10.25 117.52 127.77 OK
r-release-linux-x86_64 1.0 14.92 118.30 133.22 OK
r-release-macos-arm64 1.0 47.00 OK
r-release-macos-x86_64 1.0 68.00 OK
r-release-windows-x86_64 1.0 13.00 99.00 112.00 OK
r-oldrel-macos-arm64 1.0 53.00 ERROR
r-oldrel-macos-x86_64 1.0 84.00 OK
r-oldrel-windows-x86_64 1.0 18.00 128.00 146.00 OK

Check Details

Version: 1.0
Check: examples
Result: ERROR Running examples in ‘HCD-Ex.R’ failed The error most likely occurred in: > ### Name: HCD > ### Title: hierarchical community detection with recursive spectral methods > ### Aliases: HCD > ### Keywords: HCD BTSBM > > ### ** Examples > > dt <- BTSBM(n=1600,d=4,a.seq=0.2^seq(0,4),lambda=50) > A <- dt$A.list[[1]] > # you can try various versions of the algorithm as below: the Fix is fastest and ECV is slowest. > system.time(HCD.result <- HCD(A,method="SC",stopping="Fix",D=4)) Begin clustering.... Error in irlba(f, nu = 2, nv = 2) : function 'as_cholmod_sparse' not provided by package 'Matrix' Calls: system.time -> HCD -> break.cl.sp -> irlba Timing stopped at: 0.005 0 0.006 Execution halted Flavor: r-oldrel-macos-arm64