Last updated on 2025-04-29 10:50:37 CEST.
Flavor | Version | Tinstall | Tcheck | Ttotal | Status | Flags |
---|---|---|---|---|---|---|
r-devel-linux-x86_64-debian-clang | 1.0.0 | 4.98 | 43.38 | 48.36 | OK | |
r-devel-linux-x86_64-debian-gcc | 1.0.0 | 3.16 | 32.87 | 36.03 | NOTE | |
r-devel-linux-x86_64-fedora-clang | 1.0.0 | 68.86 | OK | |||
r-devel-linux-x86_64-fedora-gcc | 1.0.0 | 66.31 | OK | |||
r-devel-windows-x86_64 | 1.0.0 | 7.00 | 58.00 | 65.00 | OK | |
r-patched-linux-x86_64 | 1.0.0 | 4.41 | 39.02 | 43.43 | OK | |
r-release-linux-x86_64 | 1.0.0 | 4.28 | 38.93 | 43.21 | OK | |
r-release-macos-arm64 | 1.0.0 | 27.00 | OK | |||
r-release-macos-x86_64 | 1.0.0 | 40.00 | OK | |||
r-release-windows-x86_64 | 1.0.0 | 6.00 | 59.00 | 65.00 | OK | |
r-oldrel-macos-arm64 | 1.0.0 | 28.00 | OK | |||
r-oldrel-macos-x86_64 | 1.0.0 | 35.00 | OK | |||
r-oldrel-windows-x86_64 | 1.0.0 | 10.00 | 67.00 | 77.00 | OK |
Version: 1.0.0
Check: examples
Result: NOTE
Examples with CPU (user + system) or elapsed time > 5s
user system elapsed
cpg_analysis 2.345 0.396 5.342
Flavor: r-devel-linux-x86_64-debian-gcc