Last updated on 2024-07-27 16:49:10 CEST.
Flavor | Version | Tinstall | Tcheck | Ttotal | Status | Flags |
---|---|---|---|---|---|---|
r-devel-linux-x86_64-debian-clang | 0.0.4 | 31.49 | 312.51 | 344.00 | OK | |
r-devel-linux-x86_64-debian-gcc | 0.0.4 | OK | ||||
r-devel-linux-x86_64-fedora-clang | 0.0.4 | 473.60 | NOTE | |||
r-devel-linux-x86_64-fedora-gcc | 0.0.4 | 459.44 | NOTE | |||
r-devel-windows-x86_64 | 0.0.4 | 28.00 | 206.00 | 234.00 | OK | |
r-patched-linux-x86_64 | 0.0.4 | OK | ||||
r-release-linux-x86_64 | 0.0.4 | 39.98 | 298.29 | 338.27 | OK | |
r-release-macos-arm64 | 0.0.4 | 126.00 | OK | |||
r-release-macos-x86_64 | 0.0.4 | 204.00 | OK | |||
r-release-windows-x86_64 | 0.0.4 | 28.00 | 208.00 | 236.00 | OK | |
r-oldrel-macos-arm64 | 0.0.4 | 128.00 | OK | |||
r-oldrel-macos-x86_64 | 0.0.4 | 281.00 | OK | |||
r-oldrel-windows-x86_64 | 0.0.4 | 28.00 | 268.00 | 296.00 | OK |
Version: 0.0.4
Check: data for non-ASCII characters
Result: NOTE
Note: found 1 marked UTF-8 string
Flavors: r-devel-linux-x86_64-fedora-clang, r-devel-linux-x86_64-fedora-gcc