Last updated on 2023-11-30 14:48:30 CET.
Flavor | Version | Tinstall | Tcheck | Ttotal | Status | Flags |
---|---|---|---|---|---|---|
r-devel-linux-x86_64-debian-clang | 0.0.4 | 30.63 | 308.42 | 339.05 | OK | |
r-devel-linux-x86_64-debian-gcc | 0.0.4 | 22.29 | 228.26 | 250.55 | OK | |
r-devel-linux-x86_64-fedora-clang | 0.0.4 | 451.45 | NOTE | |||
r-devel-linux-x86_64-fedora-gcc | 0.0.4 | 443.59 | NOTE | |||
r-devel-windows-x86_64 | 0.0.4 | 25.00 | 204.00 | 229.00 | OK | |
r-patched-linux-x86_64 | 0.0.4 | 29.34 | 298.24 | 327.58 | OK | |
r-release-linux-x86_64 | 0.0.4 | 28.14 | 293.08 | 321.22 | OK | |
r-release-macos-arm64 | 0.0.4 | 128.00 | OK | |||
r-release-macos-x86_64 | 0.0.4 | 281.00 | OK | |||
r-release-windows-x86_64 | 0.0.4 | 26.00 | 263.00 | 289.00 | OK | |
r-oldrel-macos-arm64 | 0.0.4 | 135.00 | OK | |||
r-oldrel-macos-x86_64 | 0.0.4 | 753.00 | OK | |||
r-oldrel-windows-x86_64 | 0.0.4 | 27.00 | 262.00 | 289.00 | OK |
Version: 0.0.4
Check: data for non-ASCII characters
Result: NOTE
Note: found 1 marked UTF-8 string
Flavors: r-devel-linux-x86_64-fedora-clang, r-devel-linux-x86_64-fedora-gcc