Last updated on 2024-05-02 04:00:22 CEST.
Flavor | Version | Tinstall | Tcheck | Ttotal | Status | Flags |
---|---|---|---|---|---|---|
r-devel-linux-x86_64-debian-clang | 1.0.5 | 3.40 | 308.61 | 312.01 | NOTE | |
r-devel-linux-x86_64-debian-gcc | 1.0.5 | 2.91 | 194.35 | 197.26 | NOTE | |
r-devel-linux-x86_64-fedora-clang | 1.0.5 | 360.13 | NOTE | |||
r-devel-linux-x86_64-fedora-gcc | 1.0.5 | 373.44 | NOTE | |||
r-devel-windows-x86_64 | 1.0.5 | 4.00 | 205.00 | 209.00 | NOTE | |
r-patched-linux-x86_64 | 1.0.5 | 3.72 | 287.01 | 290.73 | NOTE | |
r-release-linux-x86_64 | 1.0.5 | 3.20 | 280.43 | 283.63 | NOTE | |
r-release-macos-arm64 | 1.0.5 | 100.00 | NOTE | |||
r-release-windows-x86_64 | 1.0.5 | 4.00 | 203.00 | 207.00 | NOTE | |
r-oldrel-macos-arm64 | 1.0.5 | 110.00 | NOTE | |||
r-oldrel-macos-x86_64 | 1.0.5 | 171.00 | NOTE | |||
r-oldrel-windows-x86_64 | 1.0.5 | 5.00 | 241.00 | 246.00 | NOTE |
Version: 1.0.5
Check: LazyData
Result: NOTE
'LazyData' is specified without a 'data' directory
Flavors: r-devel-linux-x86_64-debian-clang, r-devel-linux-x86_64-debian-gcc, r-devel-linux-x86_64-fedora-clang, r-devel-linux-x86_64-fedora-gcc, r-devel-windows-x86_64, r-patched-linux-x86_64, r-release-linux-x86_64, r-release-macos-arm64, r-release-windows-x86_64, r-oldrel-macos-arm64, r-oldrel-macos-x86_64, r-oldrel-windows-x86_64