CRAN Package Check Results for Package InjurySeverityScore

Last updated on 2025-05-01 09:52:36 CEST.

Flavor Version Tinstall Tcheck Ttotal Status Flags
r-devel-linux-x86_64-debian-clang 0.0.0.2 1.72 19.69 21.41 OK
r-devel-linux-x86_64-debian-gcc 0.0.0.2 1.51 16.37 17.88 OK
r-devel-linux-x86_64-fedora-clang 0.0.0.2 32.09 OK
r-devel-linux-x86_64-fedora-gcc 0.0.0.2 31.64 OK
r-devel-windows-x86_64 0.0.0.2 3.00 40.00 43.00 OK
r-patched-linux-x86_64 0.0.0.2 1.64 18.07 19.71 OK
r-release-linux-x86_64 OK
r-release-macos-arm64 0.0.0.2 15.00 OK
r-release-macos-x86_64 0.0.0.2 24.00 OK
r-release-windows-x86_64 0.0.0.2 4.00 39.00 43.00 OK
r-oldrel-macos-arm64 0.0.0.2 14.00 NOTE
r-oldrel-macos-x86_64 0.0.0.2 21.00 NOTE
r-oldrel-windows-x86_64 0.0.0.2 4.00 42.00 46.00 NOTE

Check Details

Version: 0.0.0.2
Check: LazyData
Result: NOTE 'LazyData' is specified without a 'data' directory Flavors: r-oldrel-macos-arm64, r-oldrel-macos-x86_64, r-oldrel-windows-x86_64