Last updated on 2025-04-30 22:50:58 CEST.
Flavor | Version | Tinstall | Tcheck | Ttotal | Status | Flags |
---|---|---|---|---|---|---|
r-devel-linux-x86_64-debian-clang | 0.2.2 | 7.27 | 60.70 | 67.97 | NOTE | |
r-devel-linux-x86_64-debian-gcc | 0.2.2 | 5.37 | 40.05 | 45.42 | NOTE | |
r-devel-linux-x86_64-fedora-clang | 0.2.2 | 106.38 | OK | |||
r-devel-linux-x86_64-fedora-gcc | 0.2.2 | 95.84 | OK | |||
r-devel-windows-x86_64 | 0.2.2 | 8.00 | 72.00 | 80.00 | OK | |
r-patched-linux-x86_64 | 0.2.2 | 8.39 | 54.51 | 62.90 | OK | |
r-release-linux-x86_64 | 0.2.2 | 7.51 | 53.40 | 60.91 | OK | |
r-release-macos-arm64 | 0.2.2 | 29.00 | OK | |||
r-release-macos-x86_64 | 0.2.2 | 58.00 | OK | |||
r-release-windows-x86_64 | 0.2.2 | 9.00 | 71.00 | 80.00 | OK | |
r-oldrel-macos-arm64 | 0.2.2 | 35.00 | OK | |||
r-oldrel-macos-x86_64 | 0.2.2 | 70.00 | OK | |||
r-oldrel-windows-x86_64 | 0.2.2 | 12.00 | 86.00 | 98.00 | OK |
Version: 0.2.2
Check: DESCRIPTION meta-information
Result: NOTE
Author field differs from that derived from Authors@R
Author: ‘David Baranger [aut, cre] (<https://orcid.org/0000-0002-6659-357X>, davidbaranger.com), Brandon Goldstein [ctb], Megan Finsaas [ctb], Thomas Olino [ctb], Colin Vize [ctb], Don Lynam [ctb]’
Authors@R: ‘David Baranger [aut, cre] (ORCID: <https://orcid.org/0000-0002-6659-357X>, website: davidbaranger.com), Brandon Goldstein [ctb], Megan Finsaas [ctb], Thomas Olino [ctb], Colin Vize [ctb], Don Lynam [ctb]’
Flavors: r-devel-linux-x86_64-debian-clang, r-devel-linux-x86_64-debian-gcc