Last updated on 2025-04-30 00:49:48 CEST.
Flavor | Version | Tinstall | Tcheck | Ttotal | Status | Flags |
---|---|---|---|---|---|---|
r-devel-linux-x86_64-debian-clang | 0.2.3 | 19.26 | 49.25 | 68.51 | NOTE | |
r-devel-linux-x86_64-debian-gcc | 0.2.3 | 15.64 | 33.91 | 49.55 | NOTE | |
r-devel-linux-x86_64-fedora-clang | 0.2.3 | 124.89 | OK | |||
r-devel-linux-x86_64-fedora-gcc | 0.2.3 | 110.44 | OK | |||
r-devel-windows-x86_64 | 0.2.3 | 28.00 | 79.00 | 107.00 | OK | |
r-patched-linux-x86_64 | 0.2.3 | 21.00 | 45.20 | 66.20 | OK | |
r-release-linux-x86_64 | 0.2.3 | 20.44 | 44.74 | 65.18 | OK | |
r-release-macos-arm64 | 0.2.3 | 46.00 | OK | |||
r-release-macos-x86_64 | 0.2.3 | 68.00 | OK | |||
r-release-windows-x86_64 | 0.2.3 | 27.00 | 79.00 | 106.00 | OK | |
r-oldrel-macos-arm64 | 0.2.3 | 33.00 | OK | |||
r-oldrel-macos-x86_64 | 0.2.3 | 47.00 | OK | |||
r-oldrel-windows-x86_64 | 0.2.3 | 30.00 | 96.00 | 126.00 | OK |
Version: 0.2.3
Check: CRAN incoming feasibility
Result: NOTE
Maintainer: ‘Sacha Epskamp <mail@sachaepskamp.com>’
The URL field contains the following bad parts:
github.com/SachaEpskamp/IsingSampler
The URL field should be a list of URLs separated by commas or
whitespace.
Flavors: r-devel-linux-x86_64-debian-clang, r-devel-linux-x86_64-debian-gcc
Version: 0.2.3
Check: examples
Result: NOTE
Examples with CPU (user + system) or elapsed time > 5s
user system elapsed
IsingSampler-package 9.668 0.039 10.392
Flavor: r-devel-linux-x86_64-debian-clang
Version: 0.2.3
Check: examples
Result: NOTE
Examples with CPU (user + system) or elapsed time > 5s
user system elapsed
IsingSampler-package 5.51 0.098 6.942
Flavor: r-devel-linux-x86_64-debian-gcc