Last updated on 2025-04-29 10:50:38 CEST.
Flavor | Version | Tinstall | Tcheck | Ttotal | Status | Flags |
---|---|---|---|---|---|---|
r-devel-linux-x86_64-debian-clang | 0.2.3 | 3.68 | 191.58 | 195.26 | NOTE | |
r-devel-linux-x86_64-debian-gcc | 0.2.3 | 2.70 | 127.30 | 130.00 | OK | |
r-devel-linux-x86_64-fedora-clang | 0.2.3 | 338.89 | OK | |||
r-devel-linux-x86_64-fedora-gcc | 0.2.3 | 349.78 | OK | |||
r-devel-windows-x86_64 | 0.2.3 | 5.00 | 173.00 | 178.00 | OK | |
r-patched-linux-x86_64 | 0.2.3 | 3.92 | 183.20 | 187.12 | OK | |
r-release-linux-x86_64 | 0.2.3 | 3.83 | 181.36 | 185.19 | OK | |
r-release-macos-arm64 | 0.2.3 | 82.00 | OK | |||
r-release-macos-x86_64 | 0.2.3 | 167.00 | OK | |||
r-release-windows-x86_64 | 0.2.3 | 5.00 | 170.00 | 175.00 | OK | |
r-oldrel-macos-arm64 | 0.2.3 | 92.00 | OK | |||
r-oldrel-macos-x86_64 | 0.2.3 | 172.00 | OK | |||
r-oldrel-windows-x86_64 | 0.2.3 | 7.00 | 230.00 | 237.00 | OK |
Version: 0.2.3
Check: examples
Result: NOTE
Examples with CPU (user + system) or elapsed time > 5s
user system elapsed
plot_assumptions 6.376 0.275 8.954
Flavor: r-devel-linux-x86_64-debian-clang