Last updated on 2024-05-02 05:12:40 CEST.
Flavor | Version | Tinstall | Tcheck | Ttotal | Status | Flags |
---|---|---|---|---|---|---|
r-devel-linux-x86_64-debian-clang | 1.0.1 | 2.98 | 46.03 | 49.01 | OK | |
r-devel-linux-x86_64-debian-gcc | 1.0.1 | 2.55 | 37.56 | 40.11 | OK | |
r-devel-linux-x86_64-fedora-clang | 1.0.1 | 63.49 | NOTE | |||
r-devel-linux-x86_64-fedora-gcc | 1.0.1 | 72.95 | NOTE | |||
r-devel-windows-x86_64 | 1.0.1 | 4.00 | 70.00 | 74.00 | OK | |
r-patched-linux-x86_64 | 1.0.1 | 3.26 | 46.23 | 49.49 | OK | |
r-release-linux-x86_64 | 1.0.1 | 3.62 | 49.09 | 52.71 | OK | |
r-release-macos-arm64 | 1.0.1 | 30.00 | OK | |||
r-release-macos-x86_64 | 1.0.1 | 71.00 | OK | |||
r-release-windows-x86_64 | 1.0.1 | 4.00 | 71.00 | 75.00 | OK | |
r-oldrel-macos-arm64 | 1.0.1 | 51.00 | OK | |||
r-oldrel-macos-x86_64 | 1.0.1 | 88.00 | OK | |||
r-oldrel-windows-x86_64 | 1.0.1 | 5.00 | 75.00 | 80.00 | OK |
Version: 1.0.1
Check: data for non-ASCII characters
Result: NOTE
Note: found 76468 marked UTF-8 strings
Flavors: r-devel-linux-x86_64-fedora-clang, r-devel-linux-x86_64-fedora-gcc