CRAN Package Check Results for Package KRMM

Last updated on 2024-03-02 00:53:28 CET.

Flavor Version Tinstall Tcheck Ttotal Status Flags
r-devel-linux-x86_64-debian-clang 1.0 6.19 49.08 55.27 NOTE
r-devel-linux-x86_64-debian-gcc 1.0 4.60 37.36 41.96 NOTE
r-devel-linux-x86_64-fedora-clang 1.0 65.23 NOTE
r-devel-linux-x86_64-fedora-gcc 1.0 67.75 NOTE
r-devel-windows-x86_64 1.0 5.00 56.00 61.00 NOTE
r-patched-linux-x86_64 1.0 4.79 47.93 52.72 NOTE
r-release-linux-x86_64 1.0 5.61 48.18 53.79 NOTE
r-release-macos-arm64 1.0 27.00 NOTE
r-release-macos-x86_64 1.0 36.00 NOTE
r-release-windows-x86_64 1.0 5.00 61.00 66.00 NOTE
r-oldrel-macos-arm64 1.0 23.00 NOTE
r-oldrel-windows-x86_64 1.0 8.00 67.00 75.00 NOTE

Check Details

Version: 1.0
Check: Rd files
Result: NOTE checkRd: (-1) Predict_kernel_Ridge_MM.Rd:45: Lost braces; missing escapes or markup? 45 | and alpha_train is the BLUP of alpha for the model, i.e. alpha_train=Cov(alpha,Y_train)*Var(Y_train)^{-1}*(Y_train - E[Y_train]) } | ^ Flavors: r-devel-linux-x86_64-debian-clang, r-devel-linux-x86_64-debian-gcc, r-devel-linux-x86_64-fedora-clang, r-devel-linux-x86_64-fedora-gcc

Version: 1.0
Check: LazyData
Result: NOTE 'LazyData' is specified without a 'data' directory Flavors: r-devel-linux-x86_64-debian-clang, r-devel-linux-x86_64-debian-gcc, r-devel-linux-x86_64-fedora-clang, r-devel-linux-x86_64-fedora-gcc, r-devel-windows-x86_64, r-patched-linux-x86_64, r-release-linux-x86_64, r-release-macos-arm64, r-release-macos-x86_64, r-release-windows-x86_64, r-oldrel-macos-arm64, r-oldrel-windows-x86_64