CRAN Package Check Results for Package LDABiplots

Last updated on 2024-06-18 03:57:13 CEST.

Flavor Version Tinstall Tcheck Ttotal Status Flags
r-devel-linux-x86_64-debian-clang 0.1.2 8.04 64.99 73.03 OK
r-devel-linux-x86_64-debian-gcc 0.1.2 6.10 50.68 56.78 OK
r-devel-linux-x86_64-fedora-clang 0.1.2 93.56 NOTE
r-devel-linux-x86_64-fedora-gcc 0.1.2 99.57 NOTE
r-devel-windows-x86_64 0.1.2 9.00 71.00 80.00 OK
r-patched-linux-x86_64 0.1.2 17.73 62.42 80.15 OK
r-release-linux-x86_64 0.1.2 6.22 64.38 70.60 OK
r-release-macos-arm64 0.1.2 47.00 OK
r-release-macos-x86_64 0.1.2 56.00 OK
r-release-windows-x86_64 0.1.2 9.00 73.00 82.00 OK
r-oldrel-macos-arm64 0.1.2 45.00 OK
r-oldrel-macos-x86_64 0.1.2 55.00 OK
r-oldrel-windows-x86_64 0.1.2 10.00 79.00 89.00 OK

Check Details

Version: 0.1.2
Check: package dependencies
Result: NOTE Imports includes 28 non-default packages. Importing from so many packages makes the package vulnerable to any of them becoming unavailable. Move as many as possible to Suggests and use conditionally. Flavor: r-devel-linux-x86_64-fedora-clang

Version: 0.1.2
Check: dependencies in R code
Result: NOTE Namespaces in Imports field not imported from: ‘DT’ ‘SnowballC’ ‘chinese.misc’ ‘dplyr’ ‘factoextra’ ‘glasso’ ‘highcharter’ ‘htmlwidgets’ ‘ldatuning’ ‘qgraph’ ‘quanteda’ ‘rvest’ ‘shinyBS’ ‘shinyWidgets’ ‘shinyalert’ ‘shinybusy’ ‘shinycssloaders’ ‘shinydashboard’ ‘shinyjs’ ‘stringr’ ‘textmineR’ ‘textplot’ ‘tidyr’ ‘topicmodels’ All declared Imports should be used. Flavors: r-devel-linux-x86_64-fedora-clang, r-devel-linux-x86_64-fedora-gcc