Last updated on 2024-05-02 06:11:53 CEST.
Flavor | Version | Tinstall | Tcheck | Ttotal | Status | Flags |
---|---|---|---|---|---|---|
r-devel-linux-x86_64-debian-clang | 0.3.0 | 13.79 | 174.82 | 188.61 | NOTE | |
r-devel-linux-x86_64-debian-gcc | 0.3.0 | 10.02 | 124.54 | 134.56 | NOTE | |
r-devel-linux-x86_64-fedora-clang | 0.3.0 | 225.69 | NOTE | |||
r-devel-linux-x86_64-fedora-gcc | 0.3.0 | 224.98 | NOTE | |||
r-devel-windows-x86_64 | 0.3.0 | 11.00 | 165.00 | 176.00 | NOTE | |
r-patched-linux-x86_64 | 0.3.0 | 9.23 | 165.66 | 174.89 | NOTE | |
r-release-linux-x86_64 | 0.3.0 | 7.44 | 167.81 | 175.25 | NOTE | |
r-release-macos-arm64 | 0.3.0 | 73.00 | NOTE | |||
r-release-windows-x86_64 | 0.3.0 | 12.00 | 165.00 | 177.00 | NOTE | |
r-oldrel-macos-arm64 | 0.3.0 | 65.00 | OK | |||
r-oldrel-macos-x86_64 | 0.3.0 | 157.00 | OK | |||
r-oldrel-windows-x86_64 | 0.3.0 | 15.00 | 193.00 | 208.00 | OK |
Version: 0.3.0
Check: Rd files
Result: NOTE
checkRd: (-1) TS_diagnostics_plot.Rd:19: Lost braces
19 | \item{interactive}{\code{logical} input, should be code{TRUE} unless
| ^
checkRd: (-1) plot.TS_fit.Rd:29: Lost braces
29 | \item{interactive}{\code{logical} input, should be code{TRUE} unless
| ^
Flavors: r-devel-linux-x86_64-debian-clang, r-devel-linux-x86_64-debian-gcc, r-devel-linux-x86_64-fedora-clang, r-devel-linux-x86_64-fedora-gcc, r-devel-windows-x86_64, r-patched-linux-x86_64, r-release-linux-x86_64, r-release-macos-arm64, r-release-windows-x86_64