Last updated on 2023-11-28 09:52:00 CET.
Flavor | Version | Tinstall | Tcheck | Ttotal | Status | Flags |
---|---|---|---|---|---|---|
r-devel-linux-x86_64-debian-clang | 1.0-3 | 13.62 | 127.71 | 141.33 | NOTE | |
r-devel-linux-x86_64-debian-gcc | 1.0-3 | 11.06 | 95.36 | 106.42 | NOTE | |
r-devel-linux-x86_64-fedora-clang | 1.0-3 | 180.24 | NOTE | |||
r-devel-linux-x86_64-fedora-gcc | 1.0-3 | 170.18 | NOTE | |||
r-devel-windows-x86_64 | 1.0-3 | 13.00 | 114.00 | 127.00 | NOTE | |
r-patched-linux-x86_64 | 1.0-3 | 11.82 | 120.13 | 131.95 | NOTE | |
r-release-linux-x86_64 | 1.0-3 | 9.38 | 121.74 | 131.12 | NOTE | |
r-release-macos-arm64 | 1.0-3 | 57.00 | NOTE | |||
r-release-macos-x86_64 | 1.0-3 | 88.00 | NOTE | |||
r-release-windows-x86_64 | 1.0-3 | 17.00 | 137.00 | 154.00 | NOTE | |
r-oldrel-macos-arm64 | 1.0-3 | 49.00 | NOTE | |||
r-oldrel-macos-x86_64 | 1.0-3 | 72.00 | NOTE | |||
r-oldrel-windows-x86_64 | 1.0-3 | 18.00 | 138.00 | 156.00 | NOTE |
Version: 1.0-3
Check: package dependencies
Result: NOTE
Package suggested but not available for checking: ‘kerdiest’
Flavors: r-devel-linux-x86_64-debian-clang, r-devel-linux-x86_64-debian-gcc, r-devel-linux-x86_64-fedora-clang, r-devel-linux-x86_64-fedora-gcc, r-devel-windows-x86_64, r-patched-linux-x86_64, r-release-linux-x86_64, r-release-macos-arm64, r-release-windows-x86_64, r-oldrel-windows-x86_64
Version: 1.0-3
Check: data for non-ASCII characters
Result: NOTE
Note: found 55 marked UTF-8 strings
Flavors: r-devel-linux-x86_64-fedora-clang, r-devel-linux-x86_64-fedora-gcc, r-oldrel-macos-arm64, r-oldrel-macos-x86_64
Version: 1.0-3
Check: package dependencies
Result: NOTE
Packages suggested but not available for checking:
'sirt', 'kerdiest', 'car', 'mitml'
Flavor: r-release-macos-x86_64
Version: 1.0-3
Check: package dependencies
Result: NOTE
Package suggested but not available for checking: ‘miceadds’
Flavor: r-oldrel-macos-arm64