Last updated on 2024-08-31 22:49:42 CEST.
Flavor | Version | Tinstall | Tcheck | Ttotal | Status | Flags |
---|---|---|---|---|---|---|
r-devel-linux-x86_64-debian-clang | 1.4.0 | 11.23 | 194.46 | 205.69 | NOTE | |
r-devel-linux-x86_64-debian-gcc | 1.4.0 | 7.75 | 127.71 | 135.46 | NOTE | |
r-devel-linux-x86_64-fedora-clang | 1.4.0 | 247.75 | NOTE | |||
r-devel-linux-x86_64-fedora-gcc | 1.4.0 | 315.03 | NOTE | |||
r-devel-windows-x86_64 | 1.4.0 | 11.00 | 159.00 | 170.00 | NOTE | |
r-patched-linux-x86_64 | 1.4.0 | 15.62 | 181.49 | 197.11 | OK | |
r-release-linux-x86_64 | 1.4.0 | 8.36 | 179.41 | 187.77 | OK | |
r-release-macos-arm64 | 1.4.0 | 89.00 | OK | |||
r-release-macos-x86_64 | 1.4.0 | 142.00 | OK | |||
r-release-windows-x86_64 | 1.4.0 | 13.00 | 162.00 | 175.00 | OK | |
r-oldrel-macos-arm64 | 1.4.0 | 104.00 | OK | |||
r-oldrel-macos-x86_64 | 1.4.0 | 220.00 | OK | |||
r-oldrel-windows-x86_64 | 1.4.0 | 16.00 | 221.00 | 237.00 | OK |
Version: 1.4.0
Check: Rd cross-references
Result: NOTE
Found the following Rd file(s) with Rd \link{} targets missing package
anchors:
diagnosys.Rd: corpus
smooth_lss.Rd: locfit, lp
textstat_context.Rd: textstat_keyness, tokens_select
Please provide package anchors for all Rd \link{} targets not in the
package itself and the base packages.
Flavors: r-devel-linux-x86_64-debian-clang, r-devel-linux-x86_64-debian-gcc, r-devel-windows-x86_64
Version: 1.4.0
Check: data for non-ASCII characters
Result: NOTE
Note: found 2096 marked UTF-8 strings
Flavors: r-devel-linux-x86_64-fedora-clang, r-devel-linux-x86_64-fedora-gcc