Last updated on 2025-04-29 14:53:38 CEST.
Flavor | Version | Tinstall | Tcheck | Ttotal | Status | Flags |
---|---|---|---|---|---|---|
r-devel-linux-x86_64-debian-clang | 1.0.0 | 9.20 | 386.83 | 396.03 | NOTE | |
r-devel-linux-x86_64-debian-gcc | 1.0.0 | 7.00 | 272.02 | 279.02 | OK | |
r-devel-linux-x86_64-fedora-clang | 1.0.0 | 609.55 | OK | |||
r-devel-linux-x86_64-fedora-gcc | 1.0.0 | 640.47 | OK | |||
r-devel-windows-x86_64 | 1.0.0 | 10.00 | 424.00 | 434.00 | OK | |
r-patched-linux-x86_64 | 1.0.0 | 9.48 | 366.46 | 375.94 | OK | |
r-release-linux-x86_64 | 1.0.0 | 8.18 | 366.27 | 374.45 | OK | |
r-release-macos-arm64 | 1.0.0 | 243.00 | OK | |||
r-release-macos-x86_64 | 1.0.0 | 534.00 | OK | |||
r-release-windows-x86_64 | 1.0.0 | 10.00 | 429.00 | 439.00 | OK | |
r-oldrel-macos-arm64 | 1.0.0 | 242.00 | OK | |||
r-oldrel-macos-x86_64 | 1.0.0 | 421.00 | OK | |||
r-oldrel-windows-x86_64 | 1.0.0 | 14.00 | 558.00 | 572.00 | OK |
Version: 1.0.0
Check: examples
Result: NOTE
Examples with CPU (user + system) or elapsed time > 5s
user system elapsed
plot.landmark 5.964 0.231 4.589
fit_LOCF_landmark 5.821 0.256 5.376
Flavor: r-devel-linux-x86_64-debian-clang