CRAN Package Check Results for Package LifeInsureR

Last updated on 2025-04-29 09:52:09 CEST.

Flavor Version Tinstall Tcheck Ttotal Status Flags
r-devel-linux-x86_64-debian-clang 1.0.0 18.44 191.37 209.81 NOTE
r-devel-linux-x86_64-debian-gcc 1.0.0 17.31 149.51 166.82 NOTE
r-devel-linux-x86_64-fedora-clang 1.0.0 311.47 OK
r-devel-linux-x86_64-fedora-gcc 1.0.0 318.89 OK
r-devel-windows-x86_64 1.0.0 21.00 188.00 209.00 NOTE
r-patched-linux-x86_64 1.0.0 22.77 182.44 205.21 NOTE
r-release-linux-x86_64 1.0.0 19.02 182.08 201.10 NOTE
r-release-macos-arm64 1.0.0 101.00 OK
r-release-macos-x86_64 1.0.0 206.00 OK
r-release-windows-x86_64 1.0.0 22.00 190.00 212.00 NOTE
r-oldrel-macos-arm64 1.0.0 96.00 OK
r-oldrel-macos-x86_64 1.0.0 167.00 OK
r-oldrel-windows-x86_64 1.0.0 28.00 244.00 272.00 OK

Check Details

Version: 1.0.0
Check: Rd cross-references
Result: NOTE Found the following Rd file(s) with Rd \link{} targets missing package anchors: InsuranceContract.ParameterDefaults.Rd: mortalityTable makeContractGridDimname.Rd: mortalityTable Please provide package anchors for all Rd \link{} targets not in the package itself and the base packages. Flavors: r-devel-linux-x86_64-debian-clang, r-devel-linux-x86_64-debian-gcc, r-devel-windows-x86_64, r-patched-linux-x86_64, r-release-linux-x86_64, r-release-windows-x86_64

Version: 1.0.0
Check: examples
Result: NOTE Examples with CPU (user + system) or elapsed time > 5s user system elapsed contractGrid 4.185 0.180 5.762 testVmGlgExample 3.795 0.052 5.592 Flavor: r-devel-linux-x86_64-debian-clang

Version: 1.0.0
Check: examples
Result: NOTE Examples with CPU (user + system) or elapsed time > 5s user system elapsed contractGrid 3.678 0.043 5.102 Flavor: r-devel-linux-x86_64-debian-gcc