Last updated on 2024-07-27 16:49:11 CEST.
Flavor | Version | Tinstall | Tcheck | Ttotal | Status | Flags |
---|---|---|---|---|---|---|
r-devel-linux-x86_64-debian-clang | 1.4.1 | 72.96 | 204.07 | 277.03 | OK | |
r-devel-linux-x86_64-debian-gcc | 1.4.2 | OK | ||||
r-devel-linux-x86_64-fedora-clang | 1.4.2 | 362.07 | OK | |||
r-devel-linux-x86_64-fedora-gcc | 1.4.2 | 379.27 | OK | |||
r-devel-windows-x86_64 | 1.4.2 | 83.00 | 194.00 | 277.00 | NOTE | |
r-patched-linux-x86_64 | 1.4.1 | OK | ||||
r-release-linux-x86_64 | 1.4.1 | 61.49 | 195.32 | 256.81 | OK | |
r-release-macos-arm64 | 1.4.2 | 86.00 | NOTE | |||
r-release-macos-x86_64 | 1.4.2 | 318.00 | NOTE | |||
r-release-windows-x86_64 | 1.4.2 | 77.00 | 198.00 | 275.00 | NOTE | |
r-oldrel-macos-arm64 | 1.4.2 | 138.00 | NOTE | |||
r-oldrel-macos-x86_64 | 1.4.2 | 174.00 | NOTE | |||
r-oldrel-windows-x86_64 | 1.4.1 | 94.00 | 237.00 | 331.00 | NOTE |
Version: 1.4.2
Check: package dependencies
Result: NOTE
Package suggested but not available for checking: 'doMC'
Flavors: r-devel-windows-x86_64, r-release-windows-x86_64
Version: 1.4.2
Check: package dependencies
Result: NOTE
Packages suggested but not available for checking:
'SeqArray', 'SeqVarTools'
Flavor: r-release-macos-arm64
Version: 1.4.2
Check: installed package size
Result: NOTE
installed size is 6.8Mb
sub-directories of 1Mb or more:
libs 5.1Mb
Flavors: r-release-macos-arm64, r-release-macos-x86_64, r-oldrel-macos-arm64, r-oldrel-macos-x86_64
Version: 1.4.2
Check: package dependencies
Result: NOTE
Package suggested but not available for checking: ‘SeqVarTools’
Flavor: r-oldrel-macos-x86_64
Version: 1.4.1
Check: package dependencies
Result: NOTE
Package suggested but not available for checking: 'doMC'
Flavor: r-oldrel-windows-x86_64