Last updated on 2025-01-13 16:49:19 CET.
Flavor | Version | Tinstall | Tcheck | Ttotal | Status | Flags |
---|---|---|---|---|---|---|
r-devel-linux-x86_64-debian-clang | 3.0.3 | 67.50 | 84.12 | 151.62 | OK | |
r-devel-linux-x86_64-debian-gcc | 3.0.3 | 57.93 | 64.52 | 122.45 | OK | |
r-devel-linux-x86_64-fedora-clang | 3.0.3 | 233.54 | OK | |||
r-devel-linux-x86_64-fedora-gcc | 3.0.3 | 274.03 | OK | |||
r-devel-windows-x86_64 | 3.0.3 | 64.00 | 117.00 | 181.00 | OK | |
r-patched-linux-x86_64 | 3.0.3 | 71.83 | 81.97 | 153.80 | OK | |
r-release-linux-x86_64 | 3.0.3 | 74.35 | 82.70 | 157.05 | OK | |
r-release-macos-arm64 | 3.0.3 | 72.00 | NOTE | |||
r-release-macos-x86_64 | 3.0.3 | 195.00 | NOTE | |||
r-release-windows-x86_64 | 3.0.3 | 61.00 | 112.00 | 173.00 | OK | |
r-oldrel-macos-arm64 | 3.0.3 | 74.00 | NOTE | |||
r-oldrel-macos-x86_64 | 3.0.3 | 195.00 | NOTE | |||
r-oldrel-windows-x86_64 | 3.0.3 | 77.00 | 135.00 | 212.00 | OK |
Version: 3.0.3
Check: installed package size
Result: NOTE
installed size is 28.6Mb
sub-directories of 1Mb or more:
libs 27.9Mb
Flavors: r-release-macos-arm64, r-release-macos-x86_64, r-oldrel-macos-arm64, r-oldrel-macos-x86_64