Last updated on 2024-07-27 18:57:01 CEST.
Flavor | Version | Tinstall | Tcheck | Ttotal | Status | Flags |
---|---|---|---|---|---|---|
r-devel-linux-x86_64-debian-clang | 0.2 | 2.52 | 27.79 | 30.31 | NOTE | |
r-devel-linux-x86_64-debian-gcc | 0.2 | NOTE | ||||
r-devel-linux-x86_64-fedora-clang | 0.2 | 38.03 | NOTE | |||
r-devel-linux-x86_64-fedora-gcc | 0.2 | 38.14 | NOTE | |||
r-devel-windows-x86_64 | 0.2 | 4.00 | 46.00 | 50.00 | NOTE | |
r-patched-linux-x86_64 | 0.2 | NOTE | ||||
r-release-linux-x86_64 | 0.2 | 2.58 | 26.86 | 29.44 | NOTE | |
r-release-macos-arm64 | 0.2 | 16.00 | NOTE | |||
r-release-macos-x86_64 | 0.2 | 24.00 | NOTE | |||
r-release-windows-x86_64 | 0.2 | 3.00 | 45.00 | 48.00 | NOTE | |
r-oldrel-macos-arm64 | 0.2 | 18.00 | OK | |||
r-oldrel-macos-x86_64 | 0.2 | 33.00 | OK | |||
r-oldrel-windows-x86_64 | 0.2 | 3.00 | 47.00 | 50.00 | OK |
Version: 0.2
Check: Rd files
Result: NOTE
checkRd: (-1) thresh.est.Rd:16: Lost braces
16 | Calculates the stimulus level(s) for a probit model of a psychometric function for given levels of performance. For a more general version, see \link[MASS]{dose.p} in pkg{MASS}.
| ^
Flavors: r-devel-linux-x86_64-debian-clang, r-devel-linux-x86_64-debian-gcc, r-devel-linux-x86_64-fedora-clang, r-devel-linux-x86_64-fedora-gcc, r-devel-windows-x86_64, r-patched-linux-x86_64, r-release-linux-x86_64, r-release-macos-arm64, r-release-macos-x86_64, r-release-windows-x86_64
Version: 0.2
Check: Rd cross-references
Result: NOTE
Found the following Rd file(s) with Rd \link{} targets missing package
anchors:
panel.psyfun.Rd: lattice
Please provide package anchors for all Rd \link{} targets not in the
package itself and the base packages.
Flavors: r-devel-linux-x86_64-debian-gcc, r-devel-windows-x86_64
Version: 0.2
Check: Rd cross-references
Result: NOTE
Undeclared package ‘lme4’ in Rd xrefs
Flavor: r-devel-linux-x86_64-fedora-clang