Last updated on 2025-04-30 22:50:59 CEST.
Flavor | Version | Tinstall | Tcheck | Ttotal | Status | Flags |
---|---|---|---|---|---|---|
r-devel-linux-x86_64-debian-clang | 0.1.0 | 18.01 | 125.88 | 143.89 | OK | |
r-devel-linux-x86_64-debian-gcc | 0.1.0 | 13.51 | 92.54 | 106.05 | OK | |
r-devel-linux-x86_64-fedora-clang | 0.1.0 | 226.05 | NOTE | |||
r-devel-linux-x86_64-fedora-gcc | 0.1.0 | 216.59 | NOTE | |||
r-devel-windows-x86_64 | 0.1.0 | 18.00 | 116.00 | 134.00 | OK | |
r-patched-linux-x86_64 | 0.1.0 | 16.84 | 117.77 | 134.61 | OK | |
r-release-linux-x86_64 | 0.1.0 | 15.55 | 116.78 | 132.33 | OK | |
r-release-macos-arm64 | 0.1.0 | 61.00 | OK | |||
r-release-macos-x86_64 | 0.1.0 | 105.00 | OK | |||
r-release-windows-x86_64 | 0.1.0 | 18.00 | 117.00 | 135.00 | OK | |
r-oldrel-macos-arm64 | 0.1.0 | 62.00 | OK | |||
r-oldrel-macos-x86_64 | 0.1.0 | 95.00 | OK | |||
r-oldrel-windows-x86_64 | 0.1.0 | 22.00 | 147.00 | 169.00 | OK |
Version: 0.1.0
Check: dependencies in R code
Result: NOTE
Namespaces in Imports field not imported from:
‘ngram’ ‘shinythemes’ ‘topicmodels’
All declared Imports should be used.
Flavors: r-devel-linux-x86_64-fedora-clang, r-devel-linux-x86_64-fedora-gcc