Last updated on 2023-12-07 04:01:58 CET.
Flavor | Version | Tinstall | Tcheck | Ttotal | Status | Flags |
---|---|---|---|---|---|---|
r-devel-linux-x86_64-debian-clang | 4.5.5 | 121.06 | 209.48 | 330.54 | NOTE | |
r-devel-linux-x86_64-debian-gcc | 4.5.5 | 75.78 | 155.12 | 230.90 | NOTE | |
r-devel-linux-x86_64-fedora-clang | 4.5.5 | 460.27 | NOTE | |||
r-devel-linux-x86_64-fedora-gcc | 4.5.5 | 443.58 | NOTE | |||
r-devel-windows-x86_64 | 4.5.5 | 84.00 | 209.00 | 293.00 | NOTE | |
r-patched-linux-x86_64 | 4.5.5 | 85.84 | 201.42 | 287.26 | NOTE | |
r-release-linux-x86_64 | 4.5.5 | 96.68 | 197.06 | 293.74 | NOTE | |
r-release-macos-arm64 | 4.5.5 | 124.00 | NOTE | |||
r-release-macos-x86_64 | 4.5.5 | 256.00 | NOTE | |||
r-release-windows-x86_64 | 4.5.5 | 110.00 | 244.00 | 354.00 | NOTE | |
r-oldrel-macos-arm64 | 4.5.5 | 107.00 | NOTE | |||
r-oldrel-macos-x86_64 | 4.5.5 | 607.00 | NOTE | |||
r-oldrel-windows-x86_64 | 4.5.5 | 97.00 | 234.00 | 331.00 | NOTE |
Version: 4.5.5
Check: package dependencies
Result: NOTE
Package suggested but not available for checking: ‘gurobi’
Flavors: r-devel-linux-x86_64-debian-clang, r-devel-linux-x86_64-debian-gcc, r-devel-linux-x86_64-fedora-clang, r-devel-linux-x86_64-fedora-gcc, r-devel-windows-x86_64, r-patched-linux-x86_64, r-release-linux-x86_64, r-release-macos-arm64, r-release-macos-x86_64, r-release-windows-x86_64, r-oldrel-macos-arm64, r-oldrel-macos-x86_64, r-oldrel-windows-x86_64
Version: 4.5.5
Check: installed package size
Result: NOTE
installed size is 5.8Mb
sub-directories of 1Mb or more:
doc 1.4Mb
libs 3.3Mb
Flavors: r-release-macos-arm64, r-release-macos-x86_64, r-oldrel-macos-arm64, r-oldrel-macos-x86_64